{"id":16231,"date":"2023-06-28T09:08:21","date_gmt":"2023-06-28T07:08:21","guid":{"rendered":"https:\/\/estudios.umh.es\/?page_id=16231"},"modified":"2026-01-08T13:13:40","modified_gmt":"2026-01-08T12:13:40","slug":"precio-de-la-matricula-primer-curso-curso","status":"publish","type":"page","link":"https:\/\/estudios.umh.es\/ca\/precio-de-la-matricula-primer-curso-curso\/","title":{"rendered":"Preu de la matr\u00edcula. Primer Curs. Curs 2025\/2026"},"content":{"rendered":"<p><strong>* Preus pendents de l&#8217;aprovaci\u00f3 del Decret de Taxes del Consell per prestaci\u00f3 de servicis acad\u00e8mics universitaris per al curs 2025\/2026.<\/strong><\/p>\n<p>Es mostra preu del cr\u00e8dit en primera matr\u00edcula, d&#8217;acord amb el <a href=\"https:\/\/dogv.gva.es\/datos\/2024\/08\/12\/pdf\/2024_8314_es.pdf\" target=\"_blank\" rel=\"noopener\">Decret 101\/2024, de 2 d&#8217;agost, del Consell<\/a><img src=\"https:\/\/estudios.umh.es\/files\/2021\/11\/abre-en-nueva-ventana.png\" alt=\"(abre en nueva ventana)\">, pel qual es regulen els preus p\u00fablic del servicis acad\u00e8mics i complementaris universitaris. Entre par\u00e8ntesi s&#8217;expressa el del valor total del primer curs complet: 60 ECTS (a excepci\u00f3 dels dobles que tenen una c\u00e0rrega lectiva superior).<\/p>\n<ul>\n<li>Administraci\u00f3 i Direcci\u00f3 d&#8217;Empreses: 12,79 \u20ac (767,40 \u20ac)<\/li>\n<li>Belles Arts: 17,34 \u20ac (1.040,40 \u20ac)<\/li>\n<li>Biotecnologia: 17,34 \u20ac (1.040,40 \u20ac)<\/li>\n<li>Ci\u00e8ncia de Dades i Intel\u00b7lig\u00e8ncia Artificial: 17,34 \u20ac (1.040,40 \u20ac)<\/li>\n<li>Ci\u00e8ncia i Tecnologia dels Aliments: 17,34 \u20ac (1.040,40 \u20ac)<\/li>\n<li>Ci\u00e8ncies Ambientals: 17,34 \u20ac (1.040,40 \u20ac)<\/li>\n<li>Ci\u00e8ncies de l&#8217;Activitat F\u00edsica i de l&#8217;Esport: 14,03 \u20ac (841,80 \u20ac)<\/li>\n<li>Ci\u00e8ncies Pol\u00edtiques i Gesti\u00f3 P\u00fablica: 12,79 \u20ac (767,40 \u20ac)<\/li>\n<li>Comunicaci\u00f3 Audiovisual: 14,03 \u20ac (841,80 \u20ac)<\/li>\n<li>Dret: 12,79 \u20ac (767,40 \u20ac)<\/li>\n<li>Doble Grau: Ci\u00e8ncias Pol\u00edtiques i Gesti\u00f3 P\u00fablica i Administraci\u00f3 i Direcci\u00f3 d&#8217; Empreses (78 ECTS):&nbsp; 12,79 \u20ac (997,62 \u20ac)<\/li>\n<li>Doble Grau: Ci\u00e8ncias Pol\u00edtiques i Gesti\u00f3 P\u00fablica i Dret (76,5 ECTS): 12,79 \u20ac (978,44 \u20ac)<\/li>\n<li>Doble Grau: Comunicaci\u00f3 Audiovisual i Periodisme (72 ECTS): 14,03 \u20ac (1.010,16 \u20ac)<\/li>\n<li>Doble Grau: Dret i Administraci\u00f3 i Direcci\u00f3 d&#8217;Empreses (72 ECTS): 12,79 \u20ac (920,88 \u20ac)<\/li>\n<li>Doble Grau: Enginyeria Agroaliment\u00e0ria i Agroambiental i&nbsp;Ci\u00e8ncia i Tecnologia dels Aliments (70,5 ECTS): 17,34 \u20ac (1.222,47 \u20ac)<\/li>\n<li>Infermeria: 18,00 (1.080,00 \u20ac)<\/li>\n<li>Estad\u00edstica Empresarial: 12,79 \u20ac (767,40 \u20ac)<\/li>\n<li>Farm\u00e0cia: 18,00 \u20ac (1.080,00 \u20ac)<\/li>\n<li>Fisioter\u00e0pia: 18,00 \u20ac (1.080,00 \u20ac)<\/li>\n<li>Gesti\u00f3 Comercial i M\u00e0rqueting: 12,79 (767,40 \u20ac)<\/li>\n<li>Gesti\u00f3, Tecnologia i Moda \/ Bachelor in Fashion Management and Technology: 12,79 \u20ac (767,40 \u20ac)<\/li>\n<li>Enginyeria Agroaliment\u00e0ria i Agroambiental: 17,34 \u20ac (1.040,40 \u20ac)<\/li>\n<li>Enginyeria de Tecnologies de Telecomunicaci\u00f3: 17,34 \u20ac (1.040,40 \u20ac)<\/li>\n<li>Enginyenia El\u00e8ctrica: 17,34 \u20ac (1.040,40 \u20ac)<\/li>\n<li>Enginyeria Electr\u00f2nica i Autom\u00e0tica Industrial: 17,34 \u20ac (1.040,40 \u20ac)<\/li>\n<li>Enginyeria en Tecnologies Industrials: 17,34 \u20ac (1.040,40 \u20ac)<\/li>\n<li>Enginyeria Inform\u00e0tica en Tecnologies de la Informaci\u00f3: 17,34 \u20ac (1.040,40 \u20ac)<\/li>\n<li>Enginyeria Mec\u00e0nica: 17,34 \u20ac (1.040,40 \u20ac)<\/li>\n<li>Medicina: 18,00 \u20ac (1.080,00 \u20ac)<\/li>\n<li>Periodisme: 14,03 \u20ac (841,80 \u20ac)<\/li>\n<li>Podologia: 18,00 \u20ac (1.080,00 \u20ac)<\/li>\n<li>Psicologia: 14,03 \u20ac (841,80 \u20ac)<\/li>\n<li>Relacions Laborals i Recursos Humans: 12,79 \u20ac (767,40 \u20ac)<\/li>\n<li>Seguretat P\u00fablica i Privada: 12,79 \u20ac (767,40 \u20ac)<\/li>\n<li>Ter\u00e0pia Ocupacional: 18,00 \u20ac (1.080,00 \u20ac)<\/li>\n<\/ul>\n<h6>Els preus dels tr\u00e0mits administratius s\u00f3n els seg\u00fcents:&nbsp;<\/h6>\n<ul>\n<li>Obertura d&#8217;Expedient Acad\u00e8mic per inici d&#8217;estudis en un centre i trasllat: 27,34 \u20ac<\/li>\n<li>Expedici\u00f3 de Certificats Acad\u00e8mics: 27,34 \u20ac<\/li>\n<li>Expedici\u00f3, manteniment o actualitzaci\u00f3 de Targetes d&#8217;Identitat: 5,87 \u20ac<\/li>\n<li>Asseguran\u00e7a Volunt\u00e0ria: 10,52 \u20ac<\/li>\n<li>Asseguran\u00e7a Escolar: 1,12 \u20ac<\/li>\n<\/ul>\n<h5><strong>Preus per a l&#8217;estudiantat estranger no comunitari i no resident.<\/strong><\/h5>\n<p>Per al curs acad\u00e8mic 2025-2026, al nou estudiantat estranger que no tinga la condici\u00f3 de resident, exclosos els nacionals d&#8217;Estats membres de la Uni\u00f3 Europea i aquells als qui els siga aplicable el r\u00e8gim comunitari i formalitzen per primera vegada la seua matr\u00edcula, se&#8217;ls aplicar\u00e0 el doble dels preus indicats anteriorment.<\/p>","protected":false},"excerpt":{"rendered":"<p>* Preus pendents de l&#8217;aprovaci\u00f3 del Decret de Taxes del Consell per prestaci\u00f3 de servicis acad\u00e8mics universitaris per al curs 2025\/2026.<br \/>\nEs mostra preu del cr\u00e8dit en primera matr\u00edcula, d&#8217;acord amb el Decret 101\/2024, de 2 d&#8217;agost, del Consell, pel qual es regulen els preus p\u00fablic del servicis acad\u00e8mics i complementaris universitaris. Entre par\u00e8ntesi s&#8217;expressa el [&#8230;]<\/p>\n","protected":false},"author":21955,"featured_media":0,"parent":0,"menu_order":0,"comment_status":"closed","ping_status":"closed","template":"","meta":{"ngg_post_thumbnail":0,"_links_to":"","_links_to_target":""},"_links":{"self":[{"href":"https:\/\/estudios.umh.es\/ca\/wp-json\/wp\/v2\/pages\/16231"}],"collection":[{"href":"https:\/\/estudios.umh.es\/ca\/wp-json\/wp\/v2\/pages"}],"about":[{"href":"https:\/\/estudios.umh.es\/ca\/wp-json\/wp\/v2\/types\/page"}],"author":[{"embeddable":true,"href":"https:\/\/estudios.umh.es\/ca\/wp-json\/wp\/v2\/users\/21955"}],"replies":[{"embeddable":true,"href":"https:\/\/estudios.umh.es\/ca\/wp-json\/wp\/v2\/comments?post=16231"}],"version-history":[{"count":0,"href":"https:\/\/estudios.umh.es\/ca\/wp-json\/wp\/v2\/pages\/16231\/revisions"}],"wp:attachment":[{"href":"https:\/\/estudios.umh.es\/ca\/wp-json\/wp\/v2\/media?parent=16231"}],"curies":[{"name":"wp","href":"https:\/\/api.w.org\/{rel}","templated":true}]}}

Preu de la matrícula. Primer Curs. Curs 2025/2026

<p><strong>* Preus pendents de l&#8217;aprovació del Decret de Taxes del Consell per prestació de servicis acadèmics universitaris per al curs 2025/2026.</strong></p>
<p>Es mostra preu del crèdit en primera matrícula, d&#8217;acord amb el <a href="https://dogv.gva.es/datos/2024/08/12/pdf/2024_8314_es.pdf" target="_blank" rel="noopener">Decret 101/2024, de 2 d&#8217;agost, del Consell</a><img src="https://estudios.umh.es/files/2021/11/abre-en-nueva-ventana.png" alt="(abre en nueva ventana)">, pel qual es regulen els preus públic del servicis acadèmics i complementaris universitaris. Entre parèntesi s&#8217;expressa el del valor total del primer curs complet: 60 ECTS (a excepció dels dobles que tenen una càrrega lectiva superior).</p>
<ul>
<li>Administració i Direcció d&#8217;Empreses: 12,79 € (767,40 €)</li>
<li>Belles Arts: 17,34 € (1.040,40 €)</li>
<li>Biotecnologia: 17,34 € (1.040,40 €)</li>
<li>Ciència de Dades i Intel·ligència Artificial: 17,34 € (1.040,40 €)</li>
<li>Ciència i Tecnologia dels Aliments: 17,34 € (1.040,40 €)</li>
<li>Ciències Ambientals: 17,34 € (1.040,40 €)</li>
<li>Ciències de l&#8217;Activitat Física i de l&#8217;Esport: 14,03 € (841,80 €)</li>
<li>Ciències Polítiques i Gestió Pública: 12,79 € (767,40 €)</li>
<li>Comunicació Audiovisual: 14,03 € (841,80 €)</li>
<li>Dret: 12,79 € (767,40 €)</li>
<li>Doble Grau: Cièncias Polítiques i Gestió Pública i Administració i Direcció d&#8217; Empreses (78 ECTS):&nbsp; 12,79 € (997,62 €)</li>
<li>Doble Grau: Cièncias Polítiques i Gestió Pública i Dret (76,5 ECTS): 12,79 € (978,44 €)</li>
<li>Doble Grau: Comunicació Audiovisual i Periodisme (72 ECTS): 14,03 € (1.010,16 €)</li>
<li>Doble Grau: Dret i Administració i Direcció d&#8217;Empreses (72 ECTS): 12,79 € (920,88 €)</li>
<li>Doble Grau: Enginyeria Agroalimentària i Agroambiental i&nbsp;Ciència i Tecnologia dels Aliments (70,5 ECTS): 17,34 € (1.222,47 €)</li>
<li>Infermeria: 18,00 (1.080,00 €)</li>
<li>Estadística Empresarial: 12,79 € (767,40 €)</li>
<li>Farmàcia: 18,00 € (1.080,00 €)</li>
<li>Fisioteràpia: 18,00 € (1.080,00 €)</li>
<li>Gestió Comercial i Màrqueting: 12,79 (767,40 €)</li>
<li>Gestió, Tecnologia i Moda / Bachelor in Fashion Management and Technology: 12,79 € (767,40 €)</li>
<li>Enginyeria Agroalimentària i Agroambiental: 17,34 € (1.040,40 €)</li>
<li>Enginyeria de Tecnologies de Telecomunicació: 17,34 € (1.040,40 €)</li>
<li>Enginyenia Elèctrica: 17,34 € (1.040,40 €)</li>
<li>Enginyeria Electrònica i Automàtica Industrial: 17,34 € (1.040,40 €)</li>
<li>Enginyeria en Tecnologies Industrials: 17,34 € (1.040,40 €)</li>
<li>Enginyeria Informàtica en Tecnologies de la Informació: 17,34 € (1.040,40 €)</li>
<li>Enginyeria Mecànica: 17,34 € (1.040,40 €)</li>
<li>Medicina: 18,00 € (1.080,00 €)</li>
<li>Periodisme: 14,03 € (841,80 €)</li>
<li>Podologia: 18,00 € (1.080,00 €)</li>
<li>Psicologia: 14,03 € (841,80 €)</li>
<li>Relacions Laborals i Recursos Humans: 12,79 € (767,40 €)</li>
<li>Seguretat Pública i Privada: 12,79 € (767,40 €)</li>
<li>Teràpia Ocupacional: 18,00 € (1.080,00 €)</li>
</ul>
<h6>Els preus dels tràmits administratius són els següents:&nbsp;</h6>
<ul>
<li>Obertura d&#8217;Expedient Acadèmic per inici d&#8217;estudis en un centre i trasllat: 27,34 €</li>
<li>Expedició de Certificats Acadèmics: 27,34 €</li>
<li>Expedició, manteniment o actualització de Targetes d&#8217;Identitat: 5,87 €</li>
<li>Assegurança Voluntària: 10,52 €</li>
<li>Assegurança Escolar: 1,12 €</li>
</ul>
<h5><strong>Preus per a l&#8217;estudiantat estranger no comunitari i no resident.</strong></h5>
<p>Per al curs acadèmic 2025-2026, al nou estudiantat estranger que no tinga la condició de resident, exclosos els nacionals d&#8217;Estats membres de la Unió Europea i aquells als qui els siga aplicable el règim comunitari i formalitzen per primera vegada la seua matrícula, se&#8217;ls aplicarà el doble dels preus indicats anteriorment.</p>

<p>* Preus pendents de l&#8217;aprovació del Decret de Taxes del Consell per prestació de servicis acadèmics universitaris per al curs 2025/2026.<br />
Es mostra preu del crèdit en primera matrícula, d&#8217;acord amb el Decret 101/2024, de 2 d&#8217;agost, del Consell, pel qual es regulen els preus públic del servicis acadèmics i complementaris universitaris. Entre parèntesi s&#8217;expressa el [&#8230;]</p>
