{"id":17676,"date":"2024-03-15T11:57:41","date_gmt":"2024-03-15T10:57:41","guid":{"rendered":"https:\/\/estudios.umh.es\/?page_id=17676"},"modified":"2026-03-03T09:35:53","modified_gmt":"2026-03-03T08:35:53","slug":"programa-para-la-realizacion-de-practicas-en-actividades-de-fomento-de-la-investigacion","status":"publish","type":"page","link":"https:\/\/estudios.umh.es\/ca\/programa-para-la-realizacion-de-practicas-en-actividades-de-fomento-de-la-investigacion\/","title":{"rendered":"Programa per a la realitzaci\u00f3 de pr\u00e0ctiques a Activitats de Foment de la Investigaci\u00f3"},"content":{"rendered":"<p><\/p>\n<div class=\"text-cuerpo\">\n<p style=\"text-align: justify\"><span dir=\"auto\" style=\"vertical-align: inherit\"><span dir=\"auto\" style=\"vertical-align: inherit\">Aquesta convocat\u00f2ria t\u00e9 com a objecte facilitar la formaci\u00f3 complement\u00e0ria de l&#8217;estudiantat dels darrers cursos de la Universitat Miguel Hern\u00e1ndez d&#8217;Elx a trav\u00e9s de la realitzaci\u00f3 de pr\u00e0ctiques en activitats de foment de la investigaci\u00f3 als departaments i instituts universitaris de la UMH.<\/span><\/span><\/p>\n<p><span dir=\"auto\" style=\"vertical-align: inherit\"><span dir=\"auto\" style=\"vertical-align: inherit\">Les pr\u00e0ctiques internes estaran destinades a la realitzaci\u00f3 dactivitats relacionades amb el foment de recerca que requereixin els departaments i instituts universitaris segons les necessitats mostrades pel personal investigador i grups de recerca daquestes unitats.<\/span><\/span><\/p>\n<\/div>\n<h3><strong><span dir=\"auto\" style=\"vertical-align: inherit\"><span dir=\"auto\" style=\"vertical-align: inherit\">Curs 2025\/2026<\/span><\/span><\/strong><\/h3>\n<ul>\n<li><a href=\"https:\/\/boumh.umh.es\/files\/2025\/12\/RR_03430_2025.pdf\"><span dir=\"auto\" style=\"vertical-align: inherit\"><span dir=\"auto\" style=\"vertical-align: inherit\">Convocat\u00f2ria. 1.58 MB. PDF<\/span><\/span><\/a><\/li>\n<li><span dir=\"auto\" style=\"vertical-align: inherit\"><span dir=\"auto\" style=\"vertical-align: inherit\">El termini de presentaci\u00f3 de sol\u00b7licituds: Del 4 al 13 de desembre de 2025<\/span><\/span><\/li>\n<li><span dir=\"auto\" style=\"vertical-align: inherit\"><span dir=\"auto\" style=\"vertical-align: inherit\">Procediment de presentaci\u00f3 de sol\u00b7licituds:&nbsp;<\/span><\/span>\n<ul>\n<li><span dir=\"auto\" style=\"vertical-align: inherit\"><span dir=\"auto\" style=\"vertical-align: inherit\">Les sol\u00b7licituds s&#8217;hauran de presentar juntament amb la resta de documentaci\u00f3 requerida i aniran adre\u00e7ades al Servei de Gesti\u00f3 d&#8217;Estudis. <\/span><\/span><br \/>\n<span dir=\"auto\" style=\"vertical-align: inherit\"><span dir=\"auto\" style=\"vertical-align: inherit\">La persona sol\u00b7licitant ha de presentar la seva sol\u00b7licitud a trav\u00e9s del registre electr\u00f2nic de la Seu Electr\u00f2nica de la UMH, fent \u00fas del certificat electr\u00f2nic o del compte d&#8217;usuari UMH. Per aix\u00f2 ha d&#8217;accedir al procediment \u201cPR\u00c0CTIQUES PROFESSIONALS- Programa per a la realitzaci\u00f3 de pr\u00e0ctiques en activitats de foment de la investigaci\u00f3 als Departaments i Instituts universitaris\u201d disponible en aquest <\/span><\/span><a href=\"https:\/\/sede.umh.es\/procedimientos\/practicas-profesionales-programa-para-la-realizacion-de-practicas-en-actividades-de-fomento-de-la-investigacion-en-los-departamentos-e-institutos-universitarios\/\"><span dir=\"auto\" style=\"vertical-align: inherit\"><span dir=\"auto\" style=\"vertical-align: inherit\">ENLLA\u00c7.<\/span><\/span><\/a><\/li>\n<\/ul>\n<\/li>\n<li><span dir=\"auto\" style=\"vertical-align: inherit\"><span dir=\"auto\" style=\"vertical-align: inherit\">Llistat de sol\u00b7licituds admeses i excloses a tr\u00e0mit (El llistat \u00e9s de sol\u00b7licituds admeses i excloses a tr\u00e0mit i NO implica la concessi\u00f3 de l&#8217;ajut):<\/span><\/span>\n<ul>\n<li><a href=\"https:\/\/boumh.umh.es\/files\/2025\/12\/ES_U05500001_2025_DOCH-0000000000000000000424591.pdf\"><span dir=\"auto\" style=\"vertical-align: inherit\"><span dir=\"auto\" style=\"vertical-align: inherit\">&nbsp;Llistat provisional<\/span><\/span><\/a><\/li>\n<li><span dir=\"auto\" style=\"vertical-align: inherit\"><span dir=\"auto\" style=\"vertical-align: inherit\">Termini d&#8217;al\u00b7legacions: Del 17 al 21 de desembre de 2025. La documentaci\u00f3 es presentar\u00e0 exclusivament a trav\u00e9s de la Seu Electr\u00f2nica de la UMH al seg\u00fcent <\/span><\/span><a href=\"https:\/\/sede.umh.es\/procedimientos\/instancia-general\/\"><span dir=\"auto\" style=\"vertical-align: inherit\"><span dir=\"auto\" style=\"vertical-align: inherit\">enlla\u00e7<\/span><\/span><\/a><span dir=\"auto\" style=\"vertical-align: inherit\"><span dir=\"auto\" style=\"vertical-align: inherit\"> adre\u00e7ada al Servei de Gesti\u00f3 d&#8217;Estudis de la Universitat Miguel Hern\u00e1ndez d&#8217;Elx<\/span><\/span><\/li>\n<li><a href=\"https:\/\/boumh.umh.es\/files\/2025\/12\/ES_U05500001_2025_DOCH-0000000000000000000425827.pdf\"><span dir=\"auto\" style=\"vertical-align: inherit\"><span dir=\"auto\" style=\"vertical-align: inherit\">Correcci\u00f3 d&#8217;errades al llistat provisional del programa per a la realitzaci\u00f3 de pr\u00e0ctiques en activitats de foment de la investigaci\u00f3 als departaments i instituts universitaris de la Universitat Miguel Hern\u00e1ndez d&#8217;Elx per al curs acad\u00e8mic 2025\/2026. PDF 597.36 KB<\/span><\/span><\/a><\/li>\n<li><a href=\"https:\/\/boumh.umh.es\/files\/2025\/12\/ES_U05500001_2025_DOCH-0000000000000000000446762.pdf\"><span dir=\"auto\" style=\"vertical-align: inherit\"><span dir=\"auto\" style=\"vertical-align: inherit\">Llistat definitiu i proposta de concessi\u00f3. PDF 1,69MB.&nbsp;<\/span><\/span><\/a><\/li>\n<li><span dir=\"auto\" style=\"vertical-align: inherit\"><span dir=\"auto\" style=\"vertical-align: inherit\">Termini d&#8217;al\u00b7legacions: Del 24 de desembre de 2025 al 9 de gener de 2026. La documentaci\u00f3 es presentar\u00e0 exclusivament a trav\u00e9s de la Seu Electr\u00f2nica de la UMH al seg\u00fcent <\/span><\/span><a href=\"https:\/\/sede.umh.es\/procedimientos\/instancia-general\/\"><span dir=\"auto\" style=\"vertical-align: inherit\"><span dir=\"auto\" style=\"vertical-align: inherit\">enlla\u00e7<\/span><\/span><\/a><span dir=\"auto\" style=\"vertical-align: inherit\"><span dir=\"auto\" style=\"vertical-align: inherit\"> adre\u00e7ada al Servei de Gesti\u00f3 d&#8217;Estudis de la Universitat Miguel Hern\u00e1ndez d&#8217;Elx<\/span><\/span><\/li>\n<\/ul>\n<\/li>\n<li><span dir=\"auto\" style=\"vertical-align: inherit\"><span dir=\"auto\" style=\"vertical-align: inherit\">Resoluci\u00f3 concessi\u00f3:<\/span><\/span>\n<ul>\n<li><a href=\"https:\/\/boumh.umh.es\/files\/2026\/01\/RR_00050_2026.pdf\"><span dir=\"auto\" style=\"vertical-align: inherit\"><span dir=\"auto\" style=\"vertical-align: inherit\">Resoluci\u00f3 definitiva de concessi\u00f3. PDF 1.202 KB<\/span><\/span><\/a><\/li>\n<\/ul>\n<\/li>\n<\/ul>\n<p><\/p>","protected":false},"excerpt":{"rendered":"<p>Aquesta convocat\u00f2ria t\u00e9 com a objecte facilitar la formaci\u00f3 complement\u00e0ria de l&#8217;estudiantat dels darrers cursos de la Universitat Miguel Hern\u00e1ndez d&#8217;Elx a trav\u00e9s de la realitzaci\u00f3 de pr\u00e0ctiques en activitats de foment de la investigaci\u00f3 als departaments i instituts universitaris de la UMH.<br \/>\nLes pr\u00e0ctiques internes estaran destinades a la realitzaci\u00f3 dactivitats relacionades amb el foment [&#8230;]<\/p>\n","protected":false},"author":10,"featured_media":0,"parent":0,"menu_order":0,"comment_status":"closed","ping_status":"closed","template":"","meta":{"ngg_post_thumbnail":0,"_links_to":"","_links_to_target":""},"_links":{"self":[{"href":"https:\/\/estudios.umh.es\/ca\/wp-json\/wp\/v2\/pages\/17676"}],"collection":[{"href":"https:\/\/estudios.umh.es\/ca\/wp-json\/wp\/v2\/pages"}],"about":[{"href":"https:\/\/estudios.umh.es\/ca\/wp-json\/wp\/v2\/types\/page"}],"author":[{"embeddable":true,"href":"https:\/\/estudios.umh.es\/ca\/wp-json\/wp\/v2\/users\/10"}],"replies":[{"embeddable":true,"href":"https:\/\/estudios.umh.es\/ca\/wp-json\/wp\/v2\/comments?post=17676"}],"version-history":[{"count":0,"href":"https:\/\/estudios.umh.es\/ca\/wp-json\/wp\/v2\/pages\/17676\/revisions"}],"wp:attachment":[{"href":"https:\/\/estudios.umh.es\/ca\/wp-json\/wp\/v2\/media?parent=17676"}],"curies":[{"name":"wp","href":"https:\/\/api.w.org\/{rel}","templated":true}]}}

Programa per a la realització de pràctiques a Activitats de Foment de la Investigació

<p></p>
<div class="text-cuerpo">
<p style="text-align: justify"><span dir="auto" style="vertical-align: inherit"><span dir="auto" style="vertical-align: inherit">Aquesta convocatòria té com a objecte facilitar la formació complementària de l&#8217;estudiantat dels darrers cursos de la Universitat Miguel Hernández d&#8217;Elx a través de la realització de pràctiques en activitats de foment de la investigació als departaments i instituts universitaris de la UMH.</span></span></p>
<p><span dir="auto" style="vertical-align: inherit"><span dir="auto" style="vertical-align: inherit">Les pràctiques internes estaran destinades a la realització dactivitats relacionades amb el foment de recerca que requereixin els departaments i instituts universitaris segons les necessitats mostrades pel personal investigador i grups de recerca daquestes unitats.</span></span></p>
</div>
<h3><strong><span dir="auto" style="vertical-align: inherit"><span dir="auto" style="vertical-align: inherit">Curs 2025/2026</span></span></strong></h3>
<ul>
<li><a href="https://boumh.umh.es/files/2025/12/RR_03430_2025.pdf"><span dir="auto" style="vertical-align: inherit"><span dir="auto" style="vertical-align: inherit">Convocatòria. 1.58 MB. PDF</span></span></a></li>
<li><span dir="auto" style="vertical-align: inherit"><span dir="auto" style="vertical-align: inherit">El termini de presentació de sol·licituds: Del 4 al 13 de desembre de 2025</span></span></li>
<li><span dir="auto" style="vertical-align: inherit"><span dir="auto" style="vertical-align: inherit">Procediment de presentació de sol·licituds:&nbsp;</span></span>
<ul>
<li><span dir="auto" style="vertical-align: inherit"><span dir="auto" style="vertical-align: inherit">Les sol·licituds s&#8217;hauran de presentar juntament amb la resta de documentació requerida i aniran adreçades al Servei de Gestió d&#8217;Estudis. </span></span><br />
<span dir="auto" style="vertical-align: inherit"><span dir="auto" style="vertical-align: inherit">La persona sol·licitant ha de presentar la seva sol·licitud a través del registre electrònic de la Seu Electrònica de la UMH, fent ús del certificat electrònic o del compte d&#8217;usuari UMH. Per això ha d&#8217;accedir al procediment “PRÀCTIQUES PROFESSIONALS- Programa per a la realització de pràctiques en activitats de foment de la investigació als Departaments i Instituts universitaris” disponible en aquest </span></span><a href="https://sede.umh.es/procedimientos/practicas-profesionales-programa-para-la-realizacion-de-practicas-en-actividades-de-fomento-de-la-investigacion-en-los-departamentos-e-institutos-universitarios/"><span dir="auto" style="vertical-align: inherit"><span dir="auto" style="vertical-align: inherit">ENLLAÇ.</span></span></a></li>
</ul>
</li>
<li><span dir="auto" style="vertical-align: inherit"><span dir="auto" style="vertical-align: inherit">Llistat de sol·licituds admeses i excloses a tràmit (El llistat és de sol·licituds admeses i excloses a tràmit i NO implica la concessió de l&#8217;ajut):</span></span>
<ul>
<li><a href="https://boumh.umh.es/files/2025/12/ES_U05500001_2025_DOCH-0000000000000000000424591.pdf"><span dir="auto" style="vertical-align: inherit"><span dir="auto" style="vertical-align: inherit">&nbsp;Llistat provisional</span></span></a></li>
<li><span dir="auto" style="vertical-align: inherit"><span dir="auto" style="vertical-align: inherit">Termini d&#8217;al·legacions: Del 17 al 21 de desembre de 2025. La documentació es presentarà exclusivament a través de la Seu Electrònica de la UMH al següent </span></span><a href="https://sede.umh.es/procedimientos/instancia-general/"><span dir="auto" style="vertical-align: inherit"><span dir="auto" style="vertical-align: inherit">enllaç</span></span></a><span dir="auto" style="vertical-align: inherit"><span dir="auto" style="vertical-align: inherit"> adreçada al Servei de Gestió d&#8217;Estudis de la Universitat Miguel Hernández d&#8217;Elx</span></span></li>
<li><a href="https://boumh.umh.es/files/2025/12/ES_U05500001_2025_DOCH-0000000000000000000425827.pdf"><span dir="auto" style="vertical-align: inherit"><span dir="auto" style="vertical-align: inherit">Correcció d&#8217;errades al llistat provisional del programa per a la realització de pràctiques en activitats de foment de la investigació als departaments i instituts universitaris de la Universitat Miguel Hernández d&#8217;Elx per al curs acadèmic 2025/2026. PDF 597.36 KB</span></span></a></li>
<li><a href="https://boumh.umh.es/files/2025/12/ES_U05500001_2025_DOCH-0000000000000000000446762.pdf"><span dir="auto" style="vertical-align: inherit"><span dir="auto" style="vertical-align: inherit">Llistat definitiu i proposta de concessió. PDF 1,69MB.&nbsp;</span></span></a></li>
<li><span dir="auto" style="vertical-align: inherit"><span dir="auto" style="vertical-align: inherit">Termini d&#8217;al·legacions: Del 24 de desembre de 2025 al 9 de gener de 2026. La documentació es presentarà exclusivament a través de la Seu Electrònica de la UMH al següent </span></span><a href="https://sede.umh.es/procedimientos/instancia-general/"><span dir="auto" style="vertical-align: inherit"><span dir="auto" style="vertical-align: inherit">enllaç</span></span></a><span dir="auto" style="vertical-align: inherit"><span dir="auto" style="vertical-align: inherit"> adreçada al Servei de Gestió d&#8217;Estudis de la Universitat Miguel Hernández d&#8217;Elx</span></span></li>
</ul>
</li>
<li><span dir="auto" style="vertical-align: inherit"><span dir="auto" style="vertical-align: inherit">Resolució concessió:</span></span>
<ul>
<li><a href="https://boumh.umh.es/files/2026/01/RR_00050_2026.pdf"><span dir="auto" style="vertical-align: inherit"><span dir="auto" style="vertical-align: inherit">Resolució definitiva de concessió. PDF 1.202 KB</span></span></a></li>
</ul>
</li>
</ul>
<p></p>

<p>Aquesta convocatòria té com a objecte facilitar la formació complementària de l&#8217;estudiantat dels darrers cursos de la Universitat Miguel Hernández d&#8217;Elx a través de la realització de pràctiques en activitats de foment de la investigació als departaments i instituts universitaris de la UMH.<br />
Les pràctiques internes estaran destinades a la realització dactivitats relacionades amb el foment [&#8230;]</p>
