{"id":17679,"date":"2024-03-15T11:58:11","date_gmt":"2024-03-15T10:58:11","guid":{"rendered":"https:\/\/estudios.umh.es\/?page_id=17679"},"modified":"2026-04-21T14:55:56","modified_gmt":"2026-04-21T12:55:56","slug":"beca-santander-estudios","status":"publish","type":"page","link":"https:\/\/estudios.umh.es\/ca\/beca-santander-estudios\/","title":{"rendered":"Beca Santander Ajuda Econ\u00f2mica"},"content":{"rendered":"<p><\/p>\n<h3><span dir=\"auto\" style=\"vertical-align: inherit\"><span dir=\"auto\" style=\"vertical-align: inherit\">Curs 2026\/2027<\/span><\/span><\/h3>\n<ul>\n<li><a href=\"https:\/\/boumh.umh.es\/files\/2026\/04\/RR_00884_2026.pdf\"><span dir=\"auto\" style=\"vertical-align: inherit\"><span dir=\"auto\" style=\"vertical-align: inherit\">Resoluci\u00f3 Rectoral 00884\/2026, de 17 de mar\u00e7, per la qual s&#8217;aprova i fa p\u00fablic el procediment d&#8217;adjudicaci\u00f3 de les Beques Santander ajuda econ\u00f2mica per a estudiants matriculats a titulacions oficials de grau i m\u00e0ster universitari de la Universitat Miguel Hern\u00e1ndez d&#8217;Elx per al curs 2026-2027.&nbsp;<\/span><\/span><\/a><\/li>\n<li><span dir=\"auto\" style=\"vertical-align: inherit\"><span dir=\"auto\" style=\"vertical-align: inherit\">M\u00e9s informaci\u00f3 al seg\u00fcent <\/span><\/span><a href=\"https:\/\/app.santanderopenacademy.com\/es\/program\/ayuda-economica-2026\"><span dir=\"auto\" style=\"vertical-align: inherit\"><span dir=\"auto\" style=\"vertical-align: inherit\">enlla\u00e7<\/span><\/span><\/a><\/li>\n<li><span dir=\"auto\" style=\"vertical-align: inherit\"><span dir=\"auto\" style=\"vertical-align: inherit\">Termini de presentaci\u00f3 de sol\u00b7licituds: Del 21 d&#8217;abril al 7 d&#8217;octubre del 2026, ambd\u00f3s inclosos.<\/span><\/span><\/li>\n<li><span dir=\"auto\" style=\"vertical-align: inherit\"><span dir=\"auto\" style=\"vertical-align: inherit\">Per sol\u00b7licitar-la has d&#8217;entrar al seg\u00fcent <a href=\"https:\/\/app.santanderopenacademy.com\/es\/program\/ayuda-economica-2026\">enlla\u00e7<\/a><\/span><\/span><\/li>\n<\/ul>\n<p><\/p>","protected":false},"excerpt":{"rendered":"<p>Curs 2026\/2027<\/p>\n<p>Resoluci\u00f3 Rectoral 00884\/2026, de 17 de mar\u00e7, per la qual s&#8217;aprova i fa p\u00fablic el procediment d&#8217;adjudicaci\u00f3 de les Beques Santander ajuda econ\u00f2mica per a estudiants matriculats a titulacions oficials de grau i m\u00e0ster universitari de la Universitat Miguel Hern\u00e1ndez d&#8217;Elx per al curs 2026-2027.&nbsp;<br \/>\nM\u00e9s informaci\u00f3 al seg\u00fcent enlla\u00e7<br \/>\nTermini de presentaci\u00f3 de sol\u00b7licituds: Del [&#8230;]<\/p>\n","protected":false},"author":10,"featured_media":0,"parent":0,"menu_order":0,"comment_status":"closed","ping_status":"closed","template":"","meta":{"ngg_post_thumbnail":0,"_links_to":"","_links_to_target":""},"_links":{"self":[{"href":"https:\/\/estudios.umh.es\/ca\/wp-json\/wp\/v2\/pages\/17679"}],"collection":[{"href":"https:\/\/estudios.umh.es\/ca\/wp-json\/wp\/v2\/pages"}],"about":[{"href":"https:\/\/estudios.umh.es\/ca\/wp-json\/wp\/v2\/types\/page"}],"author":[{"embeddable":true,"href":"https:\/\/estudios.umh.es\/ca\/wp-json\/wp\/v2\/users\/10"}],"replies":[{"embeddable":true,"href":"https:\/\/estudios.umh.es\/ca\/wp-json\/wp\/v2\/comments?post=17679"}],"version-history":[{"count":0,"href":"https:\/\/estudios.umh.es\/ca\/wp-json\/wp\/v2\/pages\/17679\/revisions"}],"wp:attachment":[{"href":"https:\/\/estudios.umh.es\/ca\/wp-json\/wp\/v2\/media?parent=17679"}],"curies":[{"name":"wp","href":"https:\/\/api.w.org\/{rel}","templated":true}]}}

Beca Santander Ajuda Econòmica

<p></p>
<h3><span dir="auto" style="vertical-align: inherit"><span dir="auto" style="vertical-align: inherit">Curs 2026/2027</span></span></h3>
<ul>
<li><a href="https://boumh.umh.es/files/2026/04/RR_00884_2026.pdf"><span dir="auto" style="vertical-align: inherit"><span dir="auto" style="vertical-align: inherit">Resolució Rectoral 00884/2026, de 17 de març, per la qual s&#8217;aprova i fa públic el procediment d&#8217;adjudicació de les Beques Santander ajuda econòmica per a estudiants matriculats a titulacions oficials de grau i màster universitari de la Universitat Miguel Hernández d&#8217;Elx per al curs 2026-2027.&nbsp;</span></span></a></li>
<li><span dir="auto" style="vertical-align: inherit"><span dir="auto" style="vertical-align: inherit">Més informació al següent </span></span><a href="https://app.santanderopenacademy.com/es/program/ayuda-economica-2026"><span dir="auto" style="vertical-align: inherit"><span dir="auto" style="vertical-align: inherit">enllaç</span></span></a></li>
<li><span dir="auto" style="vertical-align: inherit"><span dir="auto" style="vertical-align: inherit">Termini de presentació de sol·licituds: Del 21 d&#8217;abril al 7 d&#8217;octubre del 2026, ambdós inclosos.</span></span></li>
<li><span dir="auto" style="vertical-align: inherit"><span dir="auto" style="vertical-align: inherit">Per sol·licitar-la has d&#8217;entrar al següent <a href="https://app.santanderopenacademy.com/es/program/ayuda-economica-2026">enllaç</a></span></span></li>
</ul>
<p></p>

<p>Curs 2026/2027</p>
<p>Resolució Rectoral 00884/2026, de 17 de març, per la qual s&#8217;aprova i fa públic el procediment d&#8217;adjudicació de les Beques Santander ajuda econòmica per a estudiants matriculats a titulacions oficials de grau i màster universitari de la Universitat Miguel Hernández d&#8217;Elx per al curs 2026-2027.&nbsp;<br />
Més informació al següent enllaç<br />
Termini de presentació de sol·licituds: Del [&#8230;]</p>
