{"id":20459,"date":"2025-12-01T09:37:48","date_gmt":"2025-12-01T08:37:48","guid":{"rendered":"https:\/\/estudios.umh.es\/?page_id=20459"},"modified":"2026-04-29T14:18:15","modified_gmt":"2026-04-29T12:18:15","slug":"campos-de-estudio","status":"publish","type":"page","link":"https:\/\/estudios.umh.es\/ca\/campos-de-estudio\/","title":{"rendered":"Camps d&#8217;estudi"},"content":{"rendered":"<p><\/p>\n<h4>Reial decret 822\/2021, de 28 de setembre, pel qual s&#8217;establix l&#8217;organitzaci\u00f3 de les ensenyances universit\u00e0ries i del procediment d&#8217;assegurament de la seua qualitat.<\/h4>\n<p style=\"text-align: center\">Annex I<br \/>\nCamps d&#8217;estudi<\/p>\n<p>Els camps d&#8217;estudi en els quals inscriure els t\u00edtols universitaris oficials de Grau i de M\u00e0ster Universitari seran els seg\u00fcents:<\/p>\n<p>\u2013 Activitat f\u00edsica i ci\u00e8ncies de l&#8217;esport.<br \/>\n\u2013 Arquitectura, construcci\u00f3, edificaci\u00f3 i urbanisme, i enginyeria civil.<br \/>\n\u2013 Biologia i gen\u00e8tica.<br \/>\n\u2013 Bioqu\u00edmica i biotecnologia.<br \/>\n\u2013 Ci\u00e8ncies agr\u00e0ries i tecnologia dels aliments.<br \/>\n\u2013 Ci\u00e8ncies biom\u00e8diques.<br \/>\n\u2013 Ci\u00e8ncies del comportament i psicologia.<br \/>\n\u2013 Ci\u00e8ncies econ\u00f2miques, administraci\u00f3 i direcci\u00f3 d&#8217;empreses, *m\u00e1rquetin, comer\u00e7, comptabilitat i turisme.<br \/>\n\u2013 Ci\u00e8ncies de l&#8217;educaci\u00f3.<br \/>\n\u2013 Ci\u00e8ncies mediambientals i ecologia.<br \/>\n\u2013 Ci\u00e8ncies socials, treball social, relacions laborals i recursos humans, sociologia, ci\u00e8ncia pol\u00edtica i relacions internacionals.<br \/>\n\u2013 Ci\u00e8ncies de la Terra.<br \/>\n\u2013 Dret i especialitats jur\u00eddiques.<br \/>\n\u2013 Infermeria.<br \/>\n\u2013 Estudis de g\u00e8nere i estudis feministes.<br \/>\n\u2013 Farm\u00e0cia.<br \/>\n\u2013 Filologia, estudis cl\u00e0ssics, traducci\u00f3 i ling\u00fc\u00edstica.<br \/>\n\u2013 F\u00edsica i astronomia.<br \/>\n\u2013 Fisioter\u00e0pia, podologia, nutrici\u00f3 i diet\u00e8tica, ter\u00e0pia ocupacional, \u00f2ptica i optometria i logop\u00e8dia.<br \/>\n\u2013 Hist\u00f2ria de l&#8217;art i de l&#8217;expressi\u00f3 art\u00edstica, i belles arts.<br \/>\n\u2013 Hist\u00f2ria, arqueologia, geografia, filosofia i humanitats.<br \/>\n\u2013 Ind\u00fastries culturals: disseny, animaci\u00f3, cinematografia i producci\u00f3 audiovisual.<br \/>\n\u2013 Enginyeria el\u00e8ctrica, enginyeria electr\u00f2nica i enginyeria de la telecomunicaci\u00f3.<br \/>\n\u2013 Enginyeria industrial, enginyeria mec\u00e0nica, enginyeria autom\u00e0tica, enginyeria de l&#8217;organitzaci\u00f3 industrial i enginyeria de la navegaci\u00f3.<br \/>\n\u2013 Enginyeria inform\u00e0tica i de sistemes.<br \/>\n\u2013 Enginyeria qu\u00edmica, enginyeria dels materials i enginyeria del medi natural.<br \/>\n\u2013 Matem\u00e0tiques i estad\u00edstica.<br \/>\n\u2013 Medicina i odontologia.<br \/>\n\u2013 Periodisme, comunicaci\u00f3, publicitat i relacions p\u00fabliques.<br \/>\n\u2013 Qu\u00edmica.<br \/>\n\u2013 Veterin\u00e0ria.<br \/>\n\u2013 Interdisciplinari.<\/p>","protected":false},"excerpt":{"rendered":"<p>Reial decret 822\/2021, de 28 de setembre, pel qual s&#8217;establix l&#8217;organitzaci\u00f3 de les ensenyances universit\u00e0ries i del procediment d&#8217;assegurament de la seua qualitat.<br \/>\nAnnex I<br \/>\nCamps d&#8217;estudi<br \/>\nEls camps d&#8217;estudi en els quals inscriure els t\u00edtols universitaris oficials de Grau i de M\u00e0ster Universitari seran els seg\u00fcents:<br \/>\n\u2013 Activitat f\u00edsica i ci\u00e8ncies de l&#8217;esport.<br \/>\n\u2013 Arquitectura, construcci\u00f3, edificaci\u00f3 i urbanisme, [&#8230;]<\/p>\n","protected":false},"author":21955,"featured_media":0,"parent":0,"menu_order":0,"comment_status":"closed","ping_status":"closed","template":"","meta":{"ngg_post_thumbnail":0,"_links_to":"","_links_to_target":""},"_links":{"self":[{"href":"https:\/\/estudios.umh.es\/ca\/wp-json\/wp\/v2\/pages\/20459"}],"collection":[{"href":"https:\/\/estudios.umh.es\/ca\/wp-json\/wp\/v2\/pages"}],"about":[{"href":"https:\/\/estudios.umh.es\/ca\/wp-json\/wp\/v2\/types\/page"}],"author":[{"embeddable":true,"href":"https:\/\/estudios.umh.es\/ca\/wp-json\/wp\/v2\/users\/21955"}],"replies":[{"embeddable":true,"href":"https:\/\/estudios.umh.es\/ca\/wp-json\/wp\/v2\/comments?post=20459"}],"version-history":[{"count":0,"href":"https:\/\/estudios.umh.es\/ca\/wp-json\/wp\/v2\/pages\/20459\/revisions"}],"wp:attachment":[{"href":"https:\/\/estudios.umh.es\/ca\/wp-json\/wp\/v2\/media?parent=20459"}],"curies":[{"name":"wp","href":"https:\/\/api.w.org\/{rel}","templated":true}]}}

<p></p>
<h4>Reial decret 822/2021, de 28 de setembre, pel qual s&#8217;establix l&#8217;organització de les ensenyances universitàries i del procediment d&#8217;assegurament de la seua qualitat.</h4>
<p style="text-align: center">Annex I<br />
Camps d&#8217;estudi</p>
<p>Els camps d&#8217;estudi en els quals inscriure els títols universitaris oficials de Grau i de Màster Universitari seran els següents:</p>
<p>– Activitat física i ciències de l&#8217;esport.<br />
– Arquitectura, construcció, edificació i urbanisme, i enginyeria civil.<br />
– Biologia i genètica.<br />
– Bioquímica i biotecnologia.<br />
– Ciències agràries i tecnologia dels aliments.<br />
– Ciències biomèdiques.<br />
– Ciències del comportament i psicologia.<br />
– Ciències econòmiques, administració i direcció d&#8217;empreses, *márquetin, comerç, comptabilitat i turisme.<br />
– Ciències de l&#8217;educació.<br />
– Ciències mediambientals i ecologia.<br />
– Ciències socials, treball social, relacions laborals i recursos humans, sociologia, ciència política i relacions internacionals.<br />
– Ciències de la Terra.<br />
– Dret i especialitats jurídiques.<br />
– Infermeria.<br />
– Estudis de gènere i estudis feministes.<br />
– Farmàcia.<br />
– Filologia, estudis clàssics, traducció i lingüística.<br />
– Física i astronomia.<br />
– Fisioteràpia, podologia, nutrició i dietètica, teràpia ocupacional, òptica i optometria i logopèdia.<br />
– Història de l&#8217;art i de l&#8217;expressió artística, i belles arts.<br />
– Història, arqueologia, geografia, filosofia i humanitats.<br />
– Indústries culturals: disseny, animació, cinematografia i producció audiovisual.<br />
– Enginyeria elèctrica, enginyeria electrònica i enginyeria de la telecomunicació.<br />
– Enginyeria industrial, enginyeria mecànica, enginyeria automàtica, enginyeria de l&#8217;organització industrial i enginyeria de la navegació.<br />
– Enginyeria informàtica i de sistemes.<br />
– Enginyeria química, enginyeria dels materials i enginyeria del medi natural.<br />
– Matemàtiques i estadística.<br />
– Medicina i odontologia.<br />
– Periodisme, comunicació, publicitat i relacions públiques.<br />
– Química.<br />
– Veterinària.<br />
– Interdisciplinari.</p>

<p>Reial decret 822/2021, de 28 de setembre, pel qual s&#8217;establix l&#8217;organització de les ensenyances universitàries i del procediment d&#8217;assegurament de la seua qualitat.<br />
Annex I<br />
Camps d&#8217;estudi<br />
Els camps d&#8217;estudi en els quals inscriure els títols universitaris oficials de Grau i de Màster Universitari seran els següents:<br />
– Activitat física i ciències de l&#8217;esport.<br />
– Arquitectura, construcció, edificació i urbanisme, [&#8230;]</p>
