{"id":269,"date":"2014-04-15T07:34:30","date_gmt":"2014-04-15T07:34:30","guid":{"rendered":"http:\/\/estudios.zeus.umh.es\/?page_id=269"},"modified":"2026-03-18T12:08:41","modified_gmt":"2026-03-18T11:08:41","slug":"experiencia-profesional-y-laboral","status":"publish","type":"page","link":"https:\/\/estudios.umh.es\/ca\/reconocimiento-creditos\/masteres\/experiencia-profesional-y-laboral\/","title":{"rendered":"EXPERI\u00c8NCIA LABORAL I PROFESSIONAL"},"content":{"rendered":"<p><\/p>\n<h3>Procediment per a la sol\u00b7licitud de reconeixement de cr\u00e8dits en estudis de m\u00e0ster aportant experi\u00e8ncia professional o laboral<\/h3>\n<p style=\"text-align: justify\">L&#8217;experi\u00e8ncia laboral i professional acreditada podr\u00e0 ser tamb\u00e9 reconeguda en forma de cr\u00e8dits que computaran a l&#8217;efecte de l&#8217;obtenci\u00f3 d&#8217;un t\u00edtol oficial, sempre que aquesta experi\u00e8ncia estiga relacionada amb les compet\u00e8ncies inherents a aquest t\u00edtol.<\/p>\n<p style=\"text-align: justify\">El nombre de cr\u00e8dits que siguen objecte de reconeixement a partir d&#8217;experi\u00e8ncia professional o laboral i d&#8217;ensenyaments universitaris no oficials no podr\u00e0 ser superior, en el seu conjunt, al 15 per cent del total de cr\u00e8dits que constitueixen el pla d&#8217;estudis. El reconeixement d&#8217;aquests cr\u00e8dits no incorporar\u00e0 qualificaci\u00f3 dels mateixos pel que no computaran a l&#8217;efecte de baremaci\u00f3n de l&#8217;expedient.<\/p>\n<h3 style=\"text-align: justify\">Quan i on puc sol\u00b7licitar el reconeixement de cr\u00e8dit aportant Experi\u00e8ncia Laboral\/Professional?<\/h3>\n<p>La sol\u00b7licitud la pots realitzar des de l&#8217;endem\u00e0 d&#8217;haver formalitzat la teua matr\u00edcula i fins al 31 d&#8217;octubre de 2023.<br \/>\nSe sol\u00b7licita des del teu acc\u00e9s identificat, en l&#8217;apartat ESTUDIOS \u2013 RECONOCIMIENTO DE CR\u00c9DITO POR ACTIVIDAD.<\/p>\n<h3 style=\"text-align: justify\">Com realitzar la sol\u00b7licitud?<\/h3>\n<p>1\u00ba Has de donar d&#8217;alta la\/s empresa\/s en la qual has desenvolupat la teua activitat professional\/laboral indicant: nom de l&#8217;empresa, grup de cotitzaci\u00f3, r\u00e8gim (general o aut\u00f2nom), tipus de contracte (temps complet o parcial), nombre de dies treballats i clicar a \u201cAfegir\u201d.<br \/>\n2\u00ba Has d&#8217;incorporar la documentaci\u00f3 requerida en format pdf. Pots aportar diversos arxius en un mateix apartat.<\/p>\n<h3>Quina documentaci\u00f3 he d&#8217;aportar?<\/h3>\n<p>Segons el r\u00e8gim en el qual hages exercit el teu treball (general o aut\u00f2nom) i el tipus de professi\u00f3 que exercisques la documentaci\u00f3 a aportar pot ser:<\/p>\n<p style=\"text-align: justify\">1. Informe de la vida laboral em\u00e9s per la Tresoreria de la Seguretat Social.<\/p>\n<p style=\"text-align: justify\">2. Certificat de l&#8217;empresa o organisme en el qual es reflectisca l&#8217;activitat realitzada per l&#8217;estudiant i el per\u00edode de temps d&#8217;exercici, en el qual es puga constatar que l&#8217;antiguitat laboral en el grup de cotitzaci\u00f3 guarda relaci\u00f3 amb les compet\u00e8ncies previstes en els estudis corresponents. En el cas que no es puga aportar per tancament patronal de l&#8217;empresa, es presentar\u00e0 el contracte de treball corresponent, que podr\u00e0 ser considerat sempre que es puga obtenir del mateix la informaci\u00f3 necess\u00e0ria sobre les compet\u00e8ncies adquirides.<\/p>\n<p style=\"text-align: justify\">3. Si l&#8217;estudiant ha realitzat activitats en el R\u00e8gim General de Treballadors Aut\u00f2noms, s&#8217;acreditar\u00e0 l&#8217;ep\u00edgraf de l&#8217;Impost d&#8217;Activitats Econ\u00f2miques (IAE). Aix\u00ed mateix, haur\u00e0 d&#8217;acreditar documentalment les activitats desenvolupades per l&#8217;estudiant.<\/p>\n<p style=\"text-align: justify\">4. Certificat d&#8217;estar col\u00b7legiat, si escau.<\/p>\n<p style=\"text-align: justify\">5. Certificat censal de l&#8217;Ag\u00e8ncia Estatal d&#8217;Administraci\u00f3 Tribut\u00e0ria en el cas que estudiant exercisca com a liberal no donat d&#8217;alta com a aut\u00f2nom.<\/p>\n<h3>Qu\u00e8 he de tindre en compte?<\/h3>\n<ul>\n<li>L&#8217;experi\u00e8ncia professional o laboral aportada ha de tindre relaci\u00f3 amb les compet\u00e8ncies inherents al t\u00edtol de m\u00e0ster.<\/li>\n<li>El reconeixement de cr\u00e8dit per aquest concepte es realitzar\u00e0 respecte a les mat\u00e8ries \u201cOptativitat del m\u00e0ster\u201d i\/o \u201cPr\u00e0ctiques Externes\u201d. \u00c9s a dir, si el pla d&#8217;estudis del m\u00e0ster que est\u00e0s cursant no cont\u00e9 les citades mat\u00e8ries no ser\u00e0 possible el reconeixement per aquesta via.<\/li>\n<li>El reconeixement de cr\u00e8dit en concepte d&#8217;ensenyaments no oficials i experi\u00e8ncia professional conjuntament no podr\u00e0 ser superior al 15% del total de cr\u00e8dits que constitueix el pla d&#8217;estudis de m\u00e0ster. \u00c9s a dir, en m\u00e0sters de 60 cr\u00e8dits el m\u00e0xim de cr\u00e8dits que es poden recon\u00e9ixer aportant t\u00edtol ensenyaments no oficials i\/o experi\u00e8ncia laboral \u00e9s de 9 cr\u00e8dits.<\/li>\n<\/ul>\n<h3>Qu\u00e8 he de fer quan haja realitzat la sol\u00b7licitud telem\u00e0tica?<\/h3>\n<p>Una vegada que has finalitzat la sol\u00b7licitud no has de presentar f\u00edsicament la vida laboral o la resta de documentaci\u00f3 que hages pujat a la plataforma.<br \/>\nAquesta documentaci\u00f3, una vegada s&#8217;haja resolt la teua sol\u00b7licitud i en cas de ser favorable, et ser\u00e0 requerida per al seu acarament en el <a href=\"https:\/\/estudios.umh.es\/files\/2022\/03\/6.-Masteres-por-campus-y-centro-2022-23.pdf\" target=\"_blank\" rel=\"noopener noreferrer\">Centre de Gesti\u00f3 de Campus corresponent.PDF.145kB<img loading=\"lazy\" class=\"alignnone wp-image-31436 size-full\" src=\"https:\/\/estudios.umh.es\/files\/2021\/11\/abre-en-nueva-ventana.png\" alt=\"(abre en nueva ventana)\" width=\"15\" height=\"15\"><\/a> en el termini de 5 dies. Tamb\u00e9 pots remetre els documents a trav\u00e9s dels registres de qualsevol \u00f2rgan administratiu contemplats en l&#8217;article 16.4 de la Llei 39\/2015 del Procediment Administratiu Com\u00fa de les Administracions P\u00fabliques. Nom\u00e9s haur\u00e0s de presentar per a l&#8217;acarament aquells documents que no siguen electr\u00f2nics.<\/p>\n<h3>Quin cost t\u00e9 el reconeixement de cr\u00e8dit?<\/h3>\n<p style=\"text-align: justify\">Si aportes experi\u00e8ncia professional\/laboral s&#8217;ha d&#8217;abonar 100% del preu del cr\u00e8dit establit en el Decret del Consell, pel qual es fixen les taxes a satisfer per la prestaci\u00f3 de serveis acad\u00e8mics universitaris per a cada curs acad\u00e8mic.<\/p>\n<h3>He obtingut el reconeixement d&#8217;una assignatura i vull ampliar la matr\u00edcula, Com i quan puc fer-ho?<\/h3>\n<p>Ampliaci\u00f3 extraordin\u00e0ria de matr\u00edcula del 8 al 15 de gener de 2024. Nom\u00e9s podran ampliar la seua matr\u00edcula d&#8217;assignatures del segon semestre, no reduir, l&#8217;estudiantat al qual se l&#8217;haja reconegut cr\u00e8dits o estiguen en disposici\u00f3 de matricular-se del Treball Fi de M\u00e0ster.<\/p>\n<h3>Soc becari\/a , Cobreix la beca els cr\u00e8dits que se m&#8217;hagen reconegut?<\/h3>\n<p>Aquells\/as estudiants beneficiaris\/as de beca MEC, Conselleria o Beca UMH, han de tindre en compte que els cr\u00e8dits reconeguts o adaptats, no es consideren cr\u00e8dits cursats a l&#8217;efecte de la beca i, per tant la seua matr\u00edcula no est\u00e0 coberta per aquesta.<\/p>\n<p style=\"text-align: justify\">Per a qualsevol informaci\u00f3 addicional pots dirigir-te al <a href=\"https:\/\/estudios.umh.es\/files\/2022\/03\/6.-Masteres-por-campus-y-centro-2022-23.pdf\" target=\"_blank\" rel=\"noopener noreferrer\">Centre de Gesti\u00f3 de Campus corresponent.PDF.145kB<img loading=\"lazy\" class=\"alignnone wp-image-31436 size-full\" src=\"https:\/\/estudios.umh.es\/files\/2021\/11\/abre-en-nueva-ventana.png\" alt=\"(abre en nueva ventana)\" width=\"15\" height=\"15\"><\/a> o en el correu electr\u00f2nic master@umh.es del Servei de Gesti\u00f3 d&#8217;Estudis.<\/p>\n<p><\/p>","protected":false},"excerpt":{"rendered":"<p>Procediment per a la sol\u00b7licitud de reconeixement de cr\u00e8dits en estudis de m\u00e0ster aportant experi\u00e8ncia professional o laboral<br \/>\nL&#8217;experi\u00e8ncia laboral i professional acreditada podr\u00e0 ser tamb\u00e9 reconeguda en forma de cr\u00e8dits que computaran a l&#8217;efecte de l&#8217;obtenci\u00f3 d&#8217;un t\u00edtol oficial, sempre que aquesta experi\u00e8ncia estiga relacionada amb les compet\u00e8ncies inherents a aquest t\u00edtol.<br \/>\nEl nombre de cr\u00e8dits [&#8230;]<\/p>\n","protected":false},"author":12,"featured_media":0,"parent":40,"menu_order":0,"comment_status":"closed","ping_status":"open","template":"","meta":{"ngg_post_thumbnail":0,"_links_to":"","_links_to_target":""},"_links":{"self":[{"href":"https:\/\/estudios.umh.es\/ca\/wp-json\/wp\/v2\/pages\/269"}],"collection":[{"href":"https:\/\/estudios.umh.es\/ca\/wp-json\/wp\/v2\/pages"}],"about":[{"href":"https:\/\/estudios.umh.es\/ca\/wp-json\/wp\/v2\/types\/page"}],"author":[{"embeddable":true,"href":"https:\/\/estudios.umh.es\/ca\/wp-json\/wp\/v2\/users\/12"}],"replies":[{"embeddable":true,"href":"https:\/\/estudios.umh.es\/ca\/wp-json\/wp\/v2\/comments?post=269"}],"version-history":[{"count":0,"href":"https:\/\/estudios.umh.es\/ca\/wp-json\/wp\/v2\/pages\/269\/revisions"}],"up":[{"embeddable":true,"href":"https:\/\/estudios.umh.es\/ca\/wp-json\/wp\/v2\/pages\/40"}],"wp:attachment":[{"href":"https:\/\/estudios.umh.es\/ca\/wp-json\/wp\/v2\/media?parent=269"}],"curies":[{"name":"wp","href":"https:\/\/api.w.org\/{rel}","templated":true}]}}

EXPERIÈNCIA LABORAL I PROFESSIONAL

<p></p>
<h3>Procediment per a la sol·licitud de reconeixement de crèdits en estudis de màster aportant experiència professional o laboral</h3>
<p style="text-align: justify">L&#8217;experiència laboral i professional acreditada podrà ser també reconeguda en forma de crèdits que computaran a l&#8217;efecte de l&#8217;obtenció d&#8217;un títol oficial, sempre que aquesta experiència estiga relacionada amb les competències inherents a aquest títol.</p>
<p style="text-align: justify">El nombre de crèdits que siguen objecte de reconeixement a partir d&#8217;experiència professional o laboral i d&#8217;ensenyaments universitaris no oficials no podrà ser superior, en el seu conjunt, al 15 per cent del total de crèdits que constitueixen el pla d&#8217;estudis. El reconeixement d&#8217;aquests crèdits no incorporarà qualificació dels mateixos pel que no computaran a l&#8217;efecte de baremación de l&#8217;expedient.</p>
<h3 style="text-align: justify">Quan i on puc sol·licitar el reconeixement de crèdit aportant Experiència Laboral/Professional?</h3>
<p>La sol·licitud la pots realitzar des de l&#8217;endemà d&#8217;haver formalitzat la teua matrícula i fins al 31 d&#8217;octubre de 2023.<br />
Se sol·licita des del teu accés identificat, en l&#8217;apartat ESTUDIOS – RECONOCIMIENTO DE CRÉDITO POR ACTIVIDAD.</p>
<h3 style="text-align: justify">Com realitzar la sol·licitud?</h3>
<p>1º Has de donar d&#8217;alta la/s empresa/s en la qual has desenvolupat la teua activitat professional/laboral indicant: nom de l&#8217;empresa, grup de cotització, règim (general o autònom), tipus de contracte (temps complet o parcial), nombre de dies treballats i clicar a “Afegir”.<br />
2º Has d&#8217;incorporar la documentació requerida en format pdf. Pots aportar diversos arxius en un mateix apartat.</p>
<h3>Quina documentació he d&#8217;aportar?</h3>
<p>Segons el règim en el qual hages exercit el teu treball (general o autònom) i el tipus de professió que exercisques la documentació a aportar pot ser:</p>
<p style="text-align: justify">1. Informe de la vida laboral emés per la Tresoreria de la Seguretat Social.</p>
<p style="text-align: justify">2. Certificat de l&#8217;empresa o organisme en el qual es reflectisca l&#8217;activitat realitzada per l&#8217;estudiant i el període de temps d&#8217;exercici, en el qual es puga constatar que l&#8217;antiguitat laboral en el grup de cotització guarda relació amb les competències previstes en els estudis corresponents. En el cas que no es puga aportar per tancament patronal de l&#8217;empresa, es presentarà el contracte de treball corresponent, que podrà ser considerat sempre que es puga obtenir del mateix la informació necessària sobre les competències adquirides.</p>
<p style="text-align: justify">3. Si l&#8217;estudiant ha realitzat activitats en el Règim General de Treballadors Autònoms, s&#8217;acreditarà l&#8217;epígraf de l&#8217;Impost d&#8217;Activitats Econòmiques (IAE). Així mateix, haurà d&#8217;acreditar documentalment les activitats desenvolupades per l&#8217;estudiant.</p>
<p style="text-align: justify">4. Certificat d&#8217;estar col·legiat, si escau.</p>
<p style="text-align: justify">5. Certificat censal de l&#8217;Agència Estatal d&#8217;Administració Tributària en el cas que estudiant exercisca com a liberal no donat d&#8217;alta com a autònom.</p>
<h3>Què he de tindre en compte?</h3>
<ul>
<li>L&#8217;experiència professional o laboral aportada ha de tindre relació amb les competències inherents al títol de màster.</li>
<li>El reconeixement de crèdit per aquest concepte es realitzarà respecte a les matèries “Optativitat del màster” i/o “Pràctiques Externes”. És a dir, si el pla d&#8217;estudis del màster que estàs cursant no conté les citades matèries no serà possible el reconeixement per aquesta via.</li>
<li>El reconeixement de crèdit en concepte d&#8217;ensenyaments no oficials i experiència professional conjuntament no podrà ser superior al 15% del total de crèdits que constitueix el pla d&#8217;estudis de màster. És a dir, en màsters de 60 crèdits el màxim de crèdits que es poden reconéixer aportant títol ensenyaments no oficials i/o experiència laboral és de 9 crèdits.</li>
</ul>
<h3>Què he de fer quan haja realitzat la sol·licitud telemàtica?</h3>
<p>Una vegada que has finalitzat la sol·licitud no has de presentar físicament la vida laboral o la resta de documentació que hages pujat a la plataforma.<br />
Aquesta documentació, una vegada s&#8217;haja resolt la teua sol·licitud i en cas de ser favorable, et serà requerida per al seu acarament en el <a href="https://estudios.umh.es/files/2022/03/6.-Masteres-por-campus-y-centro-2022-23.pdf" target="_blank" rel="noopener noreferrer">Centre de Gestió de Campus corresponent.PDF.145kB<img loading="lazy" class="alignnone wp-image-31436 size-full" src="https://estudios.umh.es/files/2021/11/abre-en-nueva-ventana.png" alt="(abre en nueva ventana)" width="15" height="15"></a> en el termini de 5 dies. També pots remetre els documents a través dels registres de qualsevol òrgan administratiu contemplats en l&#8217;article 16.4 de la Llei 39/2015 del Procediment Administratiu Comú de les Administracions Públiques. Només hauràs de presentar per a l&#8217;acarament aquells documents que no siguen electrònics.</p>
<h3>Quin cost té el reconeixement de crèdit?</h3>
<p style="text-align: justify">Si aportes experiència professional/laboral s&#8217;ha d&#8217;abonar 100% del preu del crèdit establit en el Decret del Consell, pel qual es fixen les taxes a satisfer per la prestació de serveis acadèmics universitaris per a cada curs acadèmic.</p>
<h3>He obtingut el reconeixement d&#8217;una assignatura i vull ampliar la matrícula, Com i quan puc fer-ho?</h3>
<p>Ampliació extraordinària de matrícula del 8 al 15 de gener de 2024. Només podran ampliar la seua matrícula d&#8217;assignatures del segon semestre, no reduir, l&#8217;estudiantat al qual se l&#8217;haja reconegut crèdits o estiguen en disposició de matricular-se del Treball Fi de Màster.</p>
<h3>Soc becari/a , Cobreix la beca els crèdits que se m&#8217;hagen reconegut?</h3>
<p>Aquells/as estudiants beneficiaris/as de beca MEC, Conselleria o Beca UMH, han de tindre en compte que els crèdits reconeguts o adaptats, no es consideren crèdits cursats a l&#8217;efecte de la beca i, per tant la seua matrícula no està coberta per aquesta.</p>
<p style="text-align: justify">Per a qualsevol informació addicional pots dirigir-te al <a href="https://estudios.umh.es/files/2022/03/6.-Masteres-por-campus-y-centro-2022-23.pdf" target="_blank" rel="noopener noreferrer">Centre de Gestió de Campus corresponent.PDF.145kB<img loading="lazy" class="alignnone wp-image-31436 size-full" src="https://estudios.umh.es/files/2021/11/abre-en-nueva-ventana.png" alt="(abre en nueva ventana)" width="15" height="15"></a> o en el correu electrònic master@umh.es del Servei de Gestió d&#8217;Estudis.</p>
<p></p>

<p>Procediment per a la sol·licitud de reconeixement de crèdits en estudis de màster aportant experiència professional o laboral<br />
L&#8217;experiència laboral i professional acreditada podrà ser també reconeguda en forma de crèdits que computaran a l&#8217;efecte de l&#8217;obtenció d&#8217;un títol oficial, sempre que aquesta experiència estiga relacionada amb les competències inherents a aquest títol.<br />
El nombre de crèdits [&#8230;]</p>
