{"id":3611,"date":"2017-01-18T12:47:39","date_gmt":"2017-01-18T12:47:39","guid":{"rendered":"http:\/\/estudios.umh.es\/?page_id=3611"},"modified":"2026-03-26T14:34:41","modified_gmt":"2026-03-26T13:34:41","slug":"normativa-pau","status":"publish","type":"page","link":"https:\/\/estudios.umh.es\/ca\/normativa-pau\/","title":{"rendered":"<span lang=\"es\">(Espa\u00f1ol) NORMATIVA PAU<\/span>"},"content":{"rendered":"<p>Normatives que regixen les proves d&#8217;acc\u00e9s a la universitat (PAU)<\/p>\n<ul>\n<li><a href=\"https:\/\/dogv.gva.es\/va\/resultat-dogv?L=1&amp;sig=004769%2F2010&amp;url_lista=\">ORDE 29\/2010, de 20 d&#8217;abril, de la Conselleria d&#8217;Educaci\u00f3, per la qual es regula en la Comunitat Valenciana la prova d&#8217;acc\u00e9s a estudis universitaris per als alumnes que estiguen en possessi\u00f3 del t\u00edtol de Batxiller, establida en el Reial Decret 1892\/2008, de 14 de novembre, pel qual es regulen les condicions per a l&#8217;acc\u00e9s als ensenyaments universitaris oficials de grau i els procediments d&#8217;admissi\u00f3 a les universitats p\u00fabliques espanyoles.: <img loading=\"lazy\" class=\"alignnone wp-image-31436 size-full\" src=\"https:\/\/estudios.umh.es\/files\/2021\/11\/abre-en-nueva-ventana.png\" alt=\"(abre en nueva ventana)\" width=\"15\" height=\"15\"><\/a><\/li>\n<li><a href=\"https:\/\/estudios.umh.es\/files\/2021\/04\/Orden-4_2021-modifica-29_2010.pdf\">ORDRE 4\/2021, de 16 de mar\u00e7, de 2021, de la Conselleria d\u2019Innovaci\u00f3, Universitats, Ci\u00e8ncia i Societat Digital, per la qual es modifica l\u2019article 6 de l\u2019Ordre 29\/2010, de 20 d\u2019abril, de la Conselleria d\u2019Educaci\u00f3, per la qual es regulen a la Comunitat Valenciana la prova d\u2019acc\u00e9s a estudis universitaris oficials de grau i els procediments d\u2019admissi\u00f3 en les universitats p\u00fabliques espanyoles.: <img loading=\"lazy\" class=\"alignnone wp-image-31436 size-full\" src=\"https:\/\/estudios.umh.es\/files\/2021\/11\/abre-en-nueva-ventana.png\" alt=\"(abre en nueva ventana)\" width=\"15\" height=\"15\"><\/a><\/li>\n<li><a href=\"https:\/\/dogv.gva.es\/datos\/2021\/03\/22\/pdf\/2021_2915.pdf\">DECRET 38\/2021, de 5 de mar\u00e7, del Consell, de regulaci\u00f3 de la Comissi\u00f3 gestora de les proves d\u2019acc\u00e9s i preinscripci\u00f3 en les universitats p\u00fabliques del sistema&nbsp; universitari valenci\u00e0. <img loading=\"lazy\" class=\"alignnone wp-image-31436 size-full\" src=\"https:\/\/estudios.umh.es\/files\/2021\/11\/abre-en-nueva-ventana.png\" alt=\"(abre en nueva ventana)\" width=\"15\" height=\"15\"><\/a><\/li>\n<li><a href=\"https:\/\/www.boe.es\/diario_boe\/txt.php?id=BOE-A-2016-7337\">Reial decret 310-2016, de 29 de juliol, pel qual es regulen les avaluacions finals d&#8217;Educaci\u00f3 Secund\u00e0ria Obligat\u00f2ria i de Batxillerat: <img loading=\"lazy\" class=\"alignnone wp-image-31436 size-full\" src=\"https:\/\/estudios.umh.es\/files\/2021\/11\/abre-en-nueva-ventana.png\" alt=\"(abre en nueva ventana)\" width=\"15\" height=\"15\"><\/a><\/li>\n<li><a href=\"https:\/\/dogv.gva.es\/va\/resultat-dogv?signatura=2026\/8611\">RESOLUCI\u00d3 de 13 de mar\u00e7 de 2026, de la Presid\u00e8ncia de la Comissi\u00f3 Gestora de les Proves d&#8217;Acc\u00e9s i Preinscripci\u00f3 en les Universitats P\u00fabliques del Sistema Universitari Valenci\u00e0, per la qual es dona publicitat als acords relatius a la prova d&#8217;acc\u00e9s a la universitat del curs 2025-2026, aix\u00ed com al procediment d&#8217;admissi\u00f3, per a l&#8217;alumnat en possessi\u00f3 de qualsevol dels t\u00edtols de Batxiller, t\u00e8cnic o t\u00e8cnica superiors de Formaci\u00f3 Professional, t\u00e8cnic o t\u00e8cnica superiors d&#8217;Arts Pl\u00e0stiques i Disseny, t\u00e8cnic o t\u00e8cnica esportius superiors, o equivalents a efectes acad\u00e8mics<\/a>.<img loading=\"lazy\" class=\"alignnone wp-image-31436 size-full\" src=\"https:\/\/estudios.umh.es\/files\/2021\/11\/abre-en-nueva-ventana.png\" alt=\"(abre en nueva ventana)\" width=\"15\" height=\"15\"><\/li>\n<\/ul>\n<p><\/p>","protected":false},"excerpt":{"rendered":"<p>Normatives que regixen les proves d&#8217;acc\u00e9s a la universitat (PAU)<\/p>\n<p>ORDE 29\/2010, de 20 d&#8217;abril, de la Conselleria d&#8217;Educaci\u00f3, per la qual es regula en la Comunitat Valenciana la prova d&#8217;acc\u00e9s a estudis universitaris per als alumnes que estiguen en possessi\u00f3 del t\u00edtol de Batxiller, establida en el Reial Decret 1892\/2008, de 14 de novembre, pel [&#8230;]<\/p>\n","protected":false},"author":53,"featured_media":0,"parent":0,"menu_order":0,"comment_status":"closed","ping_status":"closed","template":"","meta":{"ngg_post_thumbnail":0,"_links_to":"","_links_to_target":""},"_links":{"self":[{"href":"https:\/\/estudios.umh.es\/ca\/wp-json\/wp\/v2\/pages\/3611"}],"collection":[{"href":"https:\/\/estudios.umh.es\/ca\/wp-json\/wp\/v2\/pages"}],"about":[{"href":"https:\/\/estudios.umh.es\/ca\/wp-json\/wp\/v2\/types\/page"}],"author":[{"embeddable":true,"href":"https:\/\/estudios.umh.es\/ca\/wp-json\/wp\/v2\/users\/53"}],"replies":[{"embeddable":true,"href":"https:\/\/estudios.umh.es\/ca\/wp-json\/wp\/v2\/comments?post=3611"}],"version-history":[{"count":0,"href":"https:\/\/estudios.umh.es\/ca\/wp-json\/wp\/v2\/pages\/3611\/revisions"}],"wp:attachment":[{"href":"https:\/\/estudios.umh.es\/ca\/wp-json\/wp\/v2\/media?parent=3611"}],"curies":[{"name":"wp","href":"https:\/\/api.w.org\/{rel}","templated":true}]}}

<span lang="es">(Español) NORMATIVA PAU</span>

<p>Normatives que regixen les proves d&#8217;accés a la universitat (PAU)</p>
<ul>
<li><a href="https://dogv.gva.es/va/resultat-dogv?L=1&amp;sig=004769%2F2010&amp;url_lista=">ORDE 29/2010, de 20 d&#8217;abril, de la Conselleria d&#8217;Educació, per la qual es regula en la Comunitat Valenciana la prova d&#8217;accés a estudis universitaris per als alumnes que estiguen en possessió del títol de Batxiller, establida en el Reial Decret 1892/2008, de 14 de novembre, pel qual es regulen les condicions per a l&#8217;accés als ensenyaments universitaris oficials de grau i els procediments d&#8217;admissió a les universitats públiques espanyoles.: <img loading="lazy" class="alignnone wp-image-31436 size-full" src="https://estudios.umh.es/files/2021/11/abre-en-nueva-ventana.png" alt="(abre en nueva ventana)" width="15" height="15"></a></li>
<li><a href="https://estudios.umh.es/files/2021/04/Orden-4_2021-modifica-29_2010.pdf">ORDRE 4/2021, de 16 de març, de 2021, de la Conselleria d’Innovació, Universitats, Ciència i Societat Digital, per la qual es modifica l’article 6 de l’Ordre 29/2010, de 20 d’abril, de la Conselleria d’Educació, per la qual es regulen a la Comunitat Valenciana la prova d’accés a estudis universitaris oficials de grau i els procediments d’admissió en les universitats públiques espanyoles.: <img loading="lazy" class="alignnone wp-image-31436 size-full" src="https://estudios.umh.es/files/2021/11/abre-en-nueva-ventana.png" alt="(abre en nueva ventana)" width="15" height="15"></a></li>
<li><a href="https://dogv.gva.es/datos/2021/03/22/pdf/2021_2915.pdf">DECRET 38/2021, de 5 de març, del Consell, de regulació de la Comissió gestora de les proves d’accés i preinscripció en les universitats públiques del sistema&nbsp; universitari valencià. <img loading="lazy" class="alignnone wp-image-31436 size-full" src="https://estudios.umh.es/files/2021/11/abre-en-nueva-ventana.png" alt="(abre en nueva ventana)" width="15" height="15"></a></li>
<li><a href="https://www.boe.es/diario_boe/txt.php?id=BOE-A-2016-7337">Reial decret 310-2016, de 29 de juliol, pel qual es regulen les avaluacions finals d&#8217;Educació Secundària Obligatòria i de Batxillerat: <img loading="lazy" class="alignnone wp-image-31436 size-full" src="https://estudios.umh.es/files/2021/11/abre-en-nueva-ventana.png" alt="(abre en nueva ventana)" width="15" height="15"></a></li>
<li><a href="https://dogv.gva.es/va/resultat-dogv?signatura=2026/8611">RESOLUCIÓ de 13 de març de 2026, de la Presidència de la Comissió Gestora de les Proves d&#8217;Accés i Preinscripció en les Universitats Públiques del Sistema Universitari Valencià, per la qual es dona publicitat als acords relatius a la prova d&#8217;accés a la universitat del curs 2025-2026, així com al procediment d&#8217;admissió, per a l&#8217;alumnat en possessió de qualsevol dels títols de Batxiller, tècnic o tècnica superiors de Formació Professional, tècnic o tècnica superiors d&#8217;Arts Plàstiques i Disseny, tècnic o tècnica esportius superiors, o equivalents a efectes acadèmics</a>.<img loading="lazy" class="alignnone wp-image-31436 size-full" src="https://estudios.umh.es/files/2021/11/abre-en-nueva-ventana.png" alt="(abre en nueva ventana)" width="15" height="15"></li>
</ul>
<p></p>

<p>Normatives que regixen les proves d&#8217;accés a la universitat (PAU)</p>
<p>ORDE 29/2010, de 20 d&#8217;abril, de la Conselleria d&#8217;Educació, per la qual es regula en la Comunitat Valenciana la prova d&#8217;accés a estudis universitaris per als alumnes que estiguen en possessió del títol de Batxiller, establida en el Reial Decret 1892/2008, de 14 de novembre, pel [&#8230;]</p>
