{"id":696,"date":"2014-05-15T11:11:33","date_gmt":"2014-05-15T11:11:33","guid":{"rendered":"http:\/\/estudios.zeus.umh.es\/?page_id=696"},"modified":"2025-07-14T08:12:34","modified_gmt":"2025-07-14T06:12:34","slug":"gestion-de-listas-de-espera","status":"publish","type":"page","link":"https:\/\/estudios.umh.es\/ca\/gestion-de-listas-de-espera\/","title":{"rendered":"GESTI\u00d3 CENTRALITZADA DE LLISTES D&#8217;ESPERA"},"content":{"rendered":"<p><\/p>\n<h3>Qu\u00e8 \u00e9s la gesti\u00f3 centralitzada de la llista d&#8217;espera?<\/h3>\n<p>Les llistes d&#8217;espera de tots els centres i estudis de grau de les universitats p\u00fabliques valencianes es gestionaran mitjan\u00e7ant un procediment \u00fanic, des de la Conselleria d&#8217;Educaci\u00f3, Cultura, Universitats i Ocupaci\u00f3.<\/p>\n<p>L\u2019estudiantat que no haja obtingut la titulaci\u00f3 universit\u00e0ria desitjada i es trobe&nbsp; en llista d\u2019espera en alguna d\u2019elles, haur\u00e0 de consultar la informaci\u00f3 de les seues llistes d\u2019espera en la mateixa plataforma:<\/p>\n<p style=\"text-align: center\"><a href=\"https:\/\/universitats.gva.es\/va\/preinscripcio-universitaria\" target=\"_blank\" rel=\"noopener\">www.preinscripcion.gva.es<img loading=\"lazy\" class=\"alignnone wp-image-31436 size-full\" src=\"https:\/\/estudios.umh.es\/files\/2021\/11\/abre-en-nueva-ventana.png\" alt=\"(abre en nueva ventana)\" width=\"15\" height=\"15\"><\/a><\/p>\n<h3>L&#8217;estudiantat ha de confirmar la perman\u00e8ncia en llistes d&#8217;espera?<\/h3>\n<p>S\u00ed. Haur\u00e0 de confirmar si desitja continuar en les llistes d\u2019espera durant els dies seg\u00fcents: des del dissabte dia 12 de juliol al dimecres dia 16 de juliol de 2025. Aquest \u00faltim dia, 16 de juliol, el termini finalitza a les 14 hores.<\/p>\n<p>En el cas de no confirmar el seu desig de continuar en les llistes d\u2019espera, <strong>perdr\u00e0 tots els drets d\u2019admissi\u00f3 <\/strong>en les corresponents titulacions universit\u00e0ries.<\/p>\n<p>L\u2019estudiantat que haja confirmat la seua continu\u00eftat en llistes d\u2019espera podr\u00e0 anul\u00b7lar aquesta continu\u00eftat en les titulacions que desitge entrant en la mateixa web de preinscripci\u00f3 universit\u00e0ria.<\/p>\n<h3>Quantes adjudicacions de llistes d&#8217;espera es realitzaran?<\/h3>\n<p>Despr\u00e9s de l\u2019adjudicaci\u00f3 inicial de places universit\u00e0ries el divendres dia 11 de juliol de 2025, hi haur\u00e0 8 adjudicacions m\u00e9s com a resultat dels moviments de les llistes d\u2019espera:<\/p>\n<ul>\n<li>Segona adjudicaci\u00f3: divendres 18 de juliol. Hora: 14 hores.<\/li>\n<li>Tercera adjudicaci\u00f3: dijous 24 de juliol. Hora: 14 hores.<\/li>\n<li>Quarta adjudicaci\u00f3: dimecres 30 de juliol. Hora: 14 hores.<\/li>\n<li>Cinquena adjudicaci\u00f3: dijous 4 de setembre. Hora: 14 hores.<\/li>\n<li>Sisena adjudicaci\u00f3: dijous 11 de setembre. Hora: 14 hores.<\/li>\n<li>Setena adjudicaci\u00f3: dijous 18 de setembre. Hora: 14 hores.<\/li>\n<li>Huitena adjudicaci\u00f3: dijous 25 de setembre. Hora: 14 hores.<\/li>\n<li>Novena i \u00faltima adjudicaci\u00f3 conjunta: dijous 2 d\u2019octubre. Hora: 14 hores.<\/li>\n<\/ul>\n<p>Els resultats d\u2019aquestes successives adjudicacions podran consultar-se tamb\u00e9 en la plataforma de preinscripci\u00f3:<\/p>\n<p style=\"text-align: center\"><a href=\"https:\/\/universitats.gva.es\/va\/preinscripcio-universitaria\" target=\"_blank\" rel=\"noopener\">www.preinscripcion.gva.es<\/a><img loading=\"lazy\" class=\"alignnone wp-image-31436 size-full\" src=\"https:\/\/estudios.umh.es\/files\/2021\/11\/abre-en-nueva-ventana.png\" alt=\"(abre en nueva ventana)\" width=\"15\" height=\"15\"><\/p>\n<h3>Com et matriculares si eres adm\u00e9s o admesa en un grau de la UMH en un moviment de llista d&#8217;espera?<\/h3>\n<p>Rebr\u00e0s el dia de l&#8217;adjudicaci\u00f3 una cita de matr\u00edcula per correu electr\u00f2nic, amb un PIN per a matricular-te. Tamb\u00e9 rebr\u00e0s un sms. Disposar\u00e0s de dos dies per a realitzar la matr\u00edcula, si no la realitzes perdr\u00e0s el dret a la pla\u00e7a.<\/p>","protected":false},"excerpt":{"rendered":"<p>Qu\u00e8 \u00e9s la gesti\u00f3 centralitzada de la llista d&#8217;espera?<br \/>\nLes llistes d&#8217;espera de tots els centres i estudis de grau de les universitats p\u00fabliques valencianes es gestionaran mitjan\u00e7ant un procediment \u00fanic, des de la Conselleria d&#8217;Educaci\u00f3, Cultura, Universitats i Ocupaci\u00f3.<br \/>\nL\u2019estudiantat que no haja obtingut la titulaci\u00f3 universit\u00e0ria desitjada i es trobe&nbsp; en llista d\u2019espera en alguna [&#8230;]<\/p>\n","protected":false},"author":53,"featured_media":0,"parent":0,"menu_order":0,"comment_status":"closed","ping_status":"open","template":"","meta":{"ngg_post_thumbnail":0,"_links_to":"","_links_to_target":""},"_links":{"self":[{"href":"https:\/\/estudios.umh.es\/ca\/wp-json\/wp\/v2\/pages\/696"}],"collection":[{"href":"https:\/\/estudios.umh.es\/ca\/wp-json\/wp\/v2\/pages"}],"about":[{"href":"https:\/\/estudios.umh.es\/ca\/wp-json\/wp\/v2\/types\/page"}],"author":[{"embeddable":true,"href":"https:\/\/estudios.umh.es\/ca\/wp-json\/wp\/v2\/users\/53"}],"replies":[{"embeddable":true,"href":"https:\/\/estudios.umh.es\/ca\/wp-json\/wp\/v2\/comments?post=696"}],"version-history":[{"count":0,"href":"https:\/\/estudios.umh.es\/ca\/wp-json\/wp\/v2\/pages\/696\/revisions"}],"wp:attachment":[{"href":"https:\/\/estudios.umh.es\/ca\/wp-json\/wp\/v2\/media?parent=696"}],"curies":[{"name":"wp","href":"https:\/\/api.w.org\/{rel}","templated":true}]}}

GESTIÓ CENTRALITZADA DE LLISTES D&#8217;ESPERA

<p></p>
<h3>Què és la gestió centralitzada de la llista d&#8217;espera?</h3>
<p>Les llistes d&#8217;espera de tots els centres i estudis de grau de les universitats públiques valencianes es gestionaran mitjançant un procediment únic, des de la Conselleria d&#8217;Educació, Cultura, Universitats i Ocupació.</p>
<p>L’estudiantat que no haja obtingut la titulació universitària desitjada i es trobe&nbsp; en llista d’espera en alguna d’elles, haurà de consultar la informació de les seues llistes d’espera en la mateixa plataforma:</p>
<p style="text-align: center"><a href="https://universitats.gva.es/va/preinscripcio-universitaria" target="_blank" rel="noopener">www.preinscripcion.gva.es<img loading="lazy" class="alignnone wp-image-31436 size-full" src="https://estudios.umh.es/files/2021/11/abre-en-nueva-ventana.png" alt="(abre en nueva ventana)" width="15" height="15"></a></p>
<h3>L&#8217;estudiantat ha de confirmar la permanència en llistes d&#8217;espera?</h3>
<p>Sí. Haurà de confirmar si desitja continuar en les llistes d’espera durant els dies següents: des del dissabte dia 12 de juliol al dimecres dia 16 de juliol de 2025. Aquest últim dia, 16 de juliol, el termini finalitza a les 14 hores.</p>
<p>En el cas de no confirmar el seu desig de continuar en les llistes d’espera, <strong>perdrà tots els drets d’admissió </strong>en les corresponents titulacions universitàries.</p>
<p>L’estudiantat que haja confirmat la seua continuïtat en llistes d’espera podrà anul·lar aquesta continuïtat en les titulacions que desitge entrant en la mateixa web de preinscripció universitària.</p>
<h3>Quantes adjudicacions de llistes d&#8217;espera es realitzaran?</h3>
<p>Després de l’adjudicació inicial de places universitàries el divendres dia 11 de juliol de 2025, hi haurà 8 adjudicacions més com a resultat dels moviments de les llistes d’espera:</p>
<ul>
<li>Segona adjudicació: divendres 18 de juliol. Hora: 14 hores.</li>
<li>Tercera adjudicació: dijous 24 de juliol. Hora: 14 hores.</li>
<li>Quarta adjudicació: dimecres 30 de juliol. Hora: 14 hores.</li>
<li>Cinquena adjudicació: dijous 4 de setembre. Hora: 14 hores.</li>
<li>Sisena adjudicació: dijous 11 de setembre. Hora: 14 hores.</li>
<li>Setena adjudicació: dijous 18 de setembre. Hora: 14 hores.</li>
<li>Huitena adjudicació: dijous 25 de setembre. Hora: 14 hores.</li>
<li>Novena i última adjudicació conjunta: dijous 2 d’octubre. Hora: 14 hores.</li>
</ul>
<p>Els resultats d’aquestes successives adjudicacions podran consultar-se també en la plataforma de preinscripció:</p>
<p style="text-align: center"><a href="https://universitats.gva.es/va/preinscripcio-universitaria" target="_blank" rel="noopener">www.preinscripcion.gva.es</a><img loading="lazy" class="alignnone wp-image-31436 size-full" src="https://estudios.umh.es/files/2021/11/abre-en-nueva-ventana.png" alt="(abre en nueva ventana)" width="15" height="15"></p>
<h3>Com et matriculares si eres admés o admesa en un grau de la UMH en un moviment de llista d&#8217;espera?</h3>
<p>Rebràs el dia de l&#8217;adjudicació una cita de matrícula per correu electrònic, amb un PIN per a matricular-te. També rebràs un sms. Disposaràs de dos dies per a realitzar la matrícula, si no la realitzes perdràs el dret a la plaça.</p>

<p>Què és la gestió centralitzada de la llista d&#8217;espera?<br />
Les llistes d&#8217;espera de tots els centres i estudis de grau de les universitats públiques valencianes es gestionaran mitjançant un procediment únic, des de la Conselleria d&#8217;Educació, Cultura, Universitats i Ocupació.<br />
L’estudiantat que no haja obtingut la titulació universitària desitjada i es trobe&nbsp; en llista d’espera en alguna [&#8230;]</p>
