{"id":89,"date":"2014-03-18T10:51:06","date_gmt":"2014-03-18T10:51:06","guid":{"rendered":"http:\/\/estudios.zeus.umh.es\/?page_id=89"},"modified":"2023-06-08T12:14:05","modified_gmt":"2023-06-08T10:14:05","slug":"anulacion-de-matricula","status":"publish","type":"page","link":"https:\/\/estudios.umh.es\/ca\/anulacion-de-matricula\/","title":{"rendered":"ANUL\u00b7LACI\u00d3 DE MATR\u00cdCULA EN ELS ESTUDIS DE GRAU I M\u00c0STER UNIVERSITARI"},"content":{"rendered":"<p><\/p>\n<ul>\n<li><a href=\"https:\/\/estudios.umh.es\/files\/2018\/02\/RE_2017_001_12344-Nuevo-procedimiento.pdf\" target=\"_blank\" rel=\"noopener\">Procediment d&#8217;anul\u00b7laci\u00f3 de matr\u00edcula per causes de for\u00e7a major.PDF.2,5MB<img loading=\"lazy\" class=\"alignnone wp-image-31436 size-full\" src=\"https:\/\/estudios.umh.es\/files\/2021\/11\/abre-en-nueva-ventana.png\" alt=\"(abre en nueva ventana)\" width=\"15\" height=\"15\"><\/a><\/li>\n<li><a href=\"https:\/\/estudios.umh.es\/ca\/anulacion-de-matricula\/plazos-de-anulacion-de-matricula\/\" rel=\"noopener\">Terminis d&#8217;anul\u00b7laci\u00f3 de matr\u00edcula i sol\u00b7licitud.<\/a><\/li>\n<\/ul>\n<p><\/p>","protected":false},"excerpt":{"rendered":"<p>Procediment d&#8217;anul\u00b7laci\u00f3 de matr\u00edcula per causes de for\u00e7a major.PDF.2,5MB<br \/>\nTerminis d&#8217;anul\u00b7laci\u00f3 de matr\u00edcula i sol\u00b7licitud.<\/p>\n","protected":false},"author":219,"featured_media":0,"parent":0,"menu_order":30,"comment_status":"closed","ping_status":"open","template":"","meta":{"ngg_post_thumbnail":0,"_links_to":"","_links_to_target":""},"_links":{"self":[{"href":"https:\/\/estudios.umh.es\/ca\/wp-json\/wp\/v2\/pages\/89"}],"collection":[{"href":"https:\/\/estudios.umh.es\/ca\/wp-json\/wp\/v2\/pages"}],"about":[{"href":"https:\/\/estudios.umh.es\/ca\/wp-json\/wp\/v2\/types\/page"}],"author":[{"embeddable":true,"href":"https:\/\/estudios.umh.es\/ca\/wp-json\/wp\/v2\/users\/219"}],"replies":[{"embeddable":true,"href":"https:\/\/estudios.umh.es\/ca\/wp-json\/wp\/v2\/comments?post=89"}],"version-history":[{"count":0,"href":"https:\/\/estudios.umh.es\/ca\/wp-json\/wp\/v2\/pages\/89\/revisions"}],"wp:attachment":[{"href":"https:\/\/estudios.umh.es\/ca\/wp-json\/wp\/v2\/media?parent=89"}],"curies":[{"name":"wp","href":"https:\/\/api.w.org\/{rel}","templated":true}]}}

ANUL·LACIÓ DE MATRÍCULA EN ELS ESTUDIS DE GRAU I MÀSTER UNIVERSITARI

<p></p>
<ul>
<li><a href="https://estudios.umh.es/files/2018/02/RE_2017_001_12344-Nuevo-procedimiento.pdf" target="_blank" rel="noopener">Procediment d&#8217;anul·lació de matrícula per causes de força major.PDF.2,5MB<img loading="lazy" class="alignnone wp-image-31436 size-full" src="https://estudios.umh.es/files/2021/11/abre-en-nueva-ventana.png" alt="(abre en nueva ventana)" width="15" height="15"></a></li>
<li><a href="https://estudios.umh.es/ca/anulacion-de-matricula/plazos-de-anulacion-de-matricula/" rel="noopener">Terminis d&#8217;anul·lació de matrícula i sol·licitud.</a></li>
</ul>
<p></p>

<p>Procediment d&#8217;anul·lació de matrícula per causes de força major.PDF.2,5MB<br />
Terminis d&#8217;anul·lació de matrícula i sol·licitud.</p>
