{"id":625,"date":"2014-05-14T06:27:44","date_gmt":"2014-05-14T06:27:44","guid":{"rendered":"http:\/\/estudios.zeus.umh.es\/?page_id=625"},"modified":"2024-02-26T09:47:10","modified_gmt":"2024-02-26T08:47:10","slug":"tablon-de-anuncios","status":"publish","type":"page","link":"https:\/\/estudios.umh.es\/en\/doctorado\/tablon-de-anuncios\/","title":{"rendered":"<span lang=\"es\">(Espa\u00f1ol) TABL\u00d3N DE ANUNCIOS<\/span>"},"content":{"rendered":"<p>Tesis Doctorales en Dep\u00f3sito.<br \/>\nSe notifica que en el Servicio de Gesti\u00f3n de Estudios y en el Departamento o Instituto indicado se han depositado las siguientes Tesis Doctorales:<\/p>\n<table border=\"1\" width=\"662\" cellspacing=\"0\" cellpadding=\"0\">\n<tbody>\n<tr>\n<td valign=\"top\" width=\"104\">\n<p align=\"center\"><b>Entrada<\/b><\/p>\n<\/td>\n<td valign=\"top\" width=\"111\">\n<p align=\"center\"><b>Autor<\/b><\/p>\n<\/td>\n<td valign=\"top\" width=\"191\">\n<p align=\"center\"><b>T\u00edtulo<\/b><\/p>\n<\/td>\n<td valign=\"top\" width=\"123\">\n<p align=\"center\"><b>Departamento<\/b><\/p>\n<p align=\"center\"><b>\/Instituto<\/b><\/p>\n<\/td>\n<td valign=\"top\" width=\"132\">\n<p align=\"center\"><b>Director\/es<\/b><\/p>\n<p align=\"center\"><b>Tesis<\/b><\/p>\n<\/td>\n<\/tr>\n<tr>\n<td valign=\"top\" width=\"104\">\n<p align=\"right\"><b>01\/04\/2014<\/b><\/p>\n<\/td>\n<td valign=\"top\" width=\"111\">D. Vicente Javier P\u00e9rez Valero<\/td>\n<td valign=\"top\" width=\"191\">LA PROYECCI\u00d3N DEL DIBUJO EN LAS NUEVAS TECNOLOG\u00cdAS APLICADAS A LA ENSE\u00d1ANZA ART\u00cdSTICA SUPERIOR. LA VECTORIALIDAD EN LAS APLICACIONES INFORM\u00c1TICAS DEL DISE\u00d1O<\/td>\n<td valign=\"top\" width=\"123\">Departamento de Arte<\/td>\n<td valign=\"top\" width=\"132\">&nbsp;&nbsp;D\u00f1a. M\u00aa Pilar Viviente Sol\u00e9<\/td>\n<\/tr>\n<tr>\n<td valign=\"top\" width=\"104\">\n<p align=\"right\"><b>01\/04\/2014<\/b><\/p>\n<\/td>\n<td valign=\"top\" width=\"111\">D\u00f1a. Teresa Bonastre Montilla<\/td>\n<td valign=\"top\" width=\"191\">EL CUERPO HUMANO EN LOS L\u00cdMITES DE LA REPRESENTACI\u00d3N. RECURSOS Y ESTRATEGIAS DE OCULTACI\u00d3N EN EL ARTE<\/td>\n<td valign=\"top\" width=\"123\">Departamento de Arte<\/td>\n<td valign=\"top\" width=\"132\">&nbsp;&nbsp;D\u00f1a. M\u00aa Pilar Viviente Sol\u00e9<\/td>\n<\/tr>\n<tr>\n<td valign=\"top\" width=\"104\">\n<p align=\"right\"><b>02\/04\/2014<\/b><\/p>\n<\/td>\n<td valign=\"top\" width=\"111\">D. H\u00e9ctor Campello Vicente<\/td>\n<td valign=\"top\" width=\"191\">ADAPTACI\u00d3N DEL MODELO DE PREDICCI\u00d3N DE RUIDO DE TR\u00c1FICO RODADO NMPB-ROUTES 2008 A LA PRESENCIA DE VEH\u00cdCULOS EL\u00c9CTRICOS<\/td>\n<td valign=\"top\" width=\"123\">Departamento de Ciencia de Materiales, \u00d3ptica y Tecnolog\u00eda Electr\u00f3nica<\/td>\n<td valign=\"top\" width=\"132\">&nbsp;&nbsp;D. Emilio Velasco S\u00e1nchez y del Dr. D. Ram\u00f3n Peral Orts<\/td>\n<\/tr>\n<tr>\n<td valign=\"top\" width=\"104\">\n<p align=\"right\"><b>04\/04\/2014<\/b><\/p>\n<\/td>\n<td valign=\"top\" width=\"111\">D\u00f1a. Isabel Reillo Cuesta<\/td>\n<td valign=\"top\" width=\"191\">PROGENITOR CELL SUBTYPES INVOLVED IN CORTICAL EXPANSION AND FOLDING<\/td>\n<td valign=\"top\" width=\"123\">Instituto de Neurociencias<\/td>\n<td valign=\"top\" width=\"132\">&nbsp;&nbsp;D. V\u00edctor Borrell Franco<\/td>\n<\/tr>\n<tr>\n<td valign=\"top\" width=\"104\">\n<p align=\"right\"><b>08\/04\/2014<\/b><\/p>\n<\/td>\n<td valign=\"top\" width=\"111\">D. Roberto Antonio Ruiz Cruz<\/td>\n<td valign=\"top\" width=\"191\">COMPORTAMIENTO EPIDEMIOL\u00d3GICO DE LAS CONCENTRACIONES DE METALES PESADOS Y OLIGOELEMENTOS EN MUESTRAS DE CABELLO DE NI\u00d1OS EN EDAD ESCOLAR DE LA CIUDAD DE ELCHE<\/td>\n<td valign=\"top\" width=\"123\">Instituto de Bioingenier\u00eda<\/td>\n<td valign=\"top\" width=\"132\">&nbsp; &nbsp;D. Eugenio Vilanova Gisbert y del Dr. D. Miguel \u00c1ngel Sogorb S\u00e1nchez<\/td>\n<\/tr>\n<tr>\n<td valign=\"top\" width=\"104\">\n<p align=\"right\"><b>11\/4\/2014<\/b><\/p>\n<\/td>\n<td valign=\"top\" width=\"111\">D. Herman Alonso Moreno Londo\u00f1o<\/td>\n<td valign=\"top\" width=\"191\">AN\u00c1LISIS COSTE-EFECTIVIDAD EN EL TRATAMIENTO DE LA PSICOSIS EN COLOMBIA: MODELOS DE INTERVENCI\u00d3N DESDE LA PSIQUIATR\u00cdA BIOL\u00d3GICA A LA PSICOLOG\u00cdA PSICO-DIN\u00c1MICA<\/td>\n<td valign=\"top\" width=\"123\">Departamento de Psicolog\u00eda de la Salud<\/td>\n<td valign=\"top\" width=\"132\">&nbsp;D. Jos\u00e9 Joaqu\u00edn Mira Solves<\/td>\n<\/tr>\n<\/tbody>\n<\/table>\n<p>A tal efecto, durante el tiempo de dep\u00f3sito, que queda fijado en <b>diez d\u00edas h\u00e1biles<\/b>, cualquier Doctor podr\u00e1 examinarla en el <b>Servicio de Gesti\u00f3n&nbsp;de Estudios<\/b>&nbsp;y en el mencionado Departamento o Instituto y, en su caso, dirigir por escrito a la Comisi\u00f3n de Estudios de Doctorado las consideraciones que estime oportuno formular.<\/p>\n<hr style=\"color: #c50606\">\n<p><a href=\"https:\/\/estudios.umh.es\/files\/2014\/06\/Premios-tesis-del-Instituto-de-Estudios-Fiscales.pdf\" target=\"_blank\" rel=\"noopener noreferrer\">Resoluci\u00f3n de 5 de junio de 2014, del Instituto de Estudios Fiscales, por la que se convocan Premios a tesis doctorales.<\/a><\/p>\n<p>[Plazo hasta el 15 de julio de 2014]<\/p>\n<hr style=\"color: #c50606\">\n<p><a href=\"https:\/\/estudios.umh.es\/files\/2014\/03\/02-PREMIOS-DE-INVESTIGACION-CEXECI-A-TESIS-DOCTORALES-2014.pdf\" target=\"_blank\" rel=\"noopener noreferrer\">Primer Premio de Investigaci\u00f3n CEXECI a Tesis doctorales 2014<\/a><br \/>\n[Plazo hasta el 20 de septiembre de 2014]<\/p>\n<hr style=\"color: #c50606\">\n<p><a href=\"https:\/\/estudios.umh.es\/files\/2013\/06\/CNIC-International-Postdoctoral-Programme.pdf\" target=\"_blank\" rel=\"noopener noreferrer\">CNIC INTERNATIONAL POSTDOCTORAL PROGRAMME (CNIC IPP)<\/a><\/p>\n<hr style=\"color: #c50606\">\n<p><a href=\"https:\/\/estudios.umh.es\/files\/2013\/05\/Movilidad-profesores-y-estudiantes-M\u00e1ster-y-Doctorado-universidades-francesas.pdf\" target=\"_blank\" rel=\"noopener noreferrer\">Convocatoria de movilidad de profesores visitantes y estudiantes de ense\u00f1anzas universitarias de M\u00e1ster y Doctorado desarrollados conjuntamente por universidades espa\u00f1olas y francesas para el curso 2013\/2014.<\/a><\/p>\n<hr style=\"color: #c50606\">\n<p><a href=\"https:\/\/estudios.umh.es\/files\/2012\/07\/Appel-\u00e0-projet-M\u00e9rim\u00e9e-avec-lEspagne-juin-2012.pdf\" target=\"_blank\" rel=\"noopener noreferrer\">Proyecto de colaboraci\u00f3n entre Instituciones de Educaci\u00f3n Superior de Francia y Espa\u00f1a.<\/a><br \/>\n<a href=\"https:\/\/estudios.umh.es\/files\/2012\/07\/Appel-\u00e0-projet-M\u00e9rim\u00e9e-Formulaire-candidature-juin-2012.pdf\" target=\"_blank\" rel=\"noopener noreferrer\">Formulario para solicitar el proyecto.<\/a><\/p>\n<hr style=\"color: #c50606\">\n<p><a href=\"https:\/\/estudios.umh.es\/files\/2012\/03\/Procedimiento-escrutinio-cum-laude.pdf\" target=\"_blank\" rel=\"noopener noreferrer\">Procedimiento del escrutinio de los votos para la concesi\u00f3n de la Menci\u00f3n de Cum Laude en las tesis doctorales.<\/a><\/p>\n<hr style=\"color: #c50606\">\n<p><a href=\"https:\/\/estudios.umh.es\/files\/2012\/03\/Procedimiento-escrutinio-cum-laude.pdf\" target=\"_blank\" rel=\"noopener noreferrer\">Procedimiento del escrutinio de los votos para la concesi\u00f3n de la Menci\u00f3n de Cum Laude en las tesis doctorales.<\/a><\/p>\n<hr style=\"color: #c50606\">\n<p><strong>Pr\u00f3rrogas de los estudios de doctorado.<\/strong><br \/>\nAtendiendo a lo establecido en el RD 1393\/2007, la Comisi\u00f3n de Doctorado de la Universidad Miguel Hern\u00e1ndez de Elche, en reuni\u00f3n celebrada el 3 de febrero de 2010, acord\u00f3 que el plazo m\u00e1ximo del que dispondr\u00e1n, para poder defender su tesis doctoral, todos aquellos estudiantes de tercer ciclo que iniciaron sus estudios de doctorado regulados por los Reales Decretos 185\/1985, 778\/1998 y 56\/2005 ser\u00e1 hasta el 30 de septiembre de 2015.<\/p>\n<hr style=\"color: #c50606\">\n<p>Se establece una nueva tasa para la emisi\u00f3n de certificados gen\u00e9ricos de los estudios de M\u00e1ster y Doctorado. Esta tasa es de 12,00 euros.<\/p>\n<hr style=\"color: #c50606\">\n<p><\/p>","protected":false},"excerpt":{"rendered":"<p>Tesis Doctorales en Dep\u00f3sito.<br \/>\nSe notifica que en el Servicio de Gesti\u00f3n de Estudios y en el Departamento o Instituto indicado se han depositado las siguientes Tesis Doctorales:<\/p>\n<p>Entrada<\/p>\n<p>Autor<\/p>\n<p>T\u00edtulo<\/p>\n<p>Departamento<br \/>\n\/Instituto<\/p>\n<p>Director\/es<br \/>\nTesis<\/p>\n<p>01\/04\/2014<\/p>\n<p>D. Vicente Javier P\u00e9rez Valero<br \/>\nLA PROYECCI\u00d3N DEL DIBUJO EN LAS NUEVAS TECNOLOG\u00cdAS APLICADAS A LA ENSE\u00d1ANZA ART\u00cdSTICA SUPERIOR. LA VECTORIALIDAD EN LAS APLICACIONES INFORM\u00c1TICAS DEL DISE\u00d1O<br \/>\nDepartamento de Arte<br \/>\n&nbsp;&nbsp;D\u00f1a. M\u00aa [&#8230;]<\/p>\n","protected":false},"author":127,"featured_media":0,"parent":25,"menu_order":90,"comment_status":"closed","ping_status":"open","template":"","meta":{"ngg_post_thumbnail":0,"_links_to":"","_links_to_target":""},"_links":{"self":[{"href":"https:\/\/estudios.umh.es\/en\/wp-json\/wp\/v2\/pages\/625"}],"collection":[{"href":"https:\/\/estudios.umh.es\/en\/wp-json\/wp\/v2\/pages"}],"about":[{"href":"https:\/\/estudios.umh.es\/en\/wp-json\/wp\/v2\/types\/page"}],"author":[{"embeddable":true,"href":"https:\/\/estudios.umh.es\/en\/wp-json\/wp\/v2\/users\/127"}],"replies":[{"embeddable":true,"href":"https:\/\/estudios.umh.es\/en\/wp-json\/wp\/v2\/comments?post=625"}],"version-history":[{"count":0,"href":"https:\/\/estudios.umh.es\/en\/wp-json\/wp\/v2\/pages\/625\/revisions"}],"up":[{"embeddable":true,"href":"https:\/\/estudios.umh.es\/en\/wp-json\/wp\/v2\/pages\/25"}],"wp:attachment":[{"href":"https:\/\/estudios.umh.es\/en\/wp-json\/wp\/v2\/media?parent=625"}],"curies":[{"name":"wp","href":"https:\/\/api.w.org\/{rel}","templated":true}]}}

<span lang="es">(Español) TABLÓN DE ANUNCIOS</span>

<p>Tesis Doctorales en Depósito.<br />
Se notifica que en el Servicio de Gestión de Estudios y en el Departamento o Instituto indicado se han depositado las siguientes Tesis Doctorales:</p>
<table border="1" width="662" cellspacing="0" cellpadding="0">
<tbody>
<tr>
<td valign="top" width="104">
<p align="center"><b>Entrada</b></p>
</td>
<td valign="top" width="111">
<p align="center"><b>Autor</b></p>
</td>
<td valign="top" width="191">
<p align="center"><b>Título</b></p>
</td>
<td valign="top" width="123">
<p align="center"><b>Departamento</b></p>
<p align="center"><b>/Instituto</b></p>
</td>
<td valign="top" width="132">
<p align="center"><b>Director/es</b></p>
<p align="center"><b>Tesis</b></p>
</td>
</tr>
<tr>
<td valign="top" width="104">
<p align="right"><b>01/04/2014</b></p>
</td>
<td valign="top" width="111">D. Vicente Javier Pérez Valero</td>
<td valign="top" width="191">LA PROYECCIÓN DEL DIBUJO EN LAS NUEVAS TECNOLOGÍAS APLICADAS A LA ENSEÑANZA ARTÍSTICA SUPERIOR. LA VECTORIALIDAD EN LAS APLICACIONES INFORMÁTICAS DEL DISEÑO</td>
<td valign="top" width="123">Departamento de Arte</td>
<td valign="top" width="132">&nbsp;&nbsp;Dña. Mª Pilar Viviente Solé</td>
</tr>
<tr>
<td valign="top" width="104">
<p align="right"><b>01/04/2014</b></p>
</td>
<td valign="top" width="111">Dña. Teresa Bonastre Montilla</td>
<td valign="top" width="191">EL CUERPO HUMANO EN LOS LÍMITES DE LA REPRESENTACIÓN. RECURSOS Y ESTRATEGIAS DE OCULTACIÓN EN EL ARTE</td>
<td valign="top" width="123">Departamento de Arte</td>
<td valign="top" width="132">&nbsp;&nbsp;Dña. Mª Pilar Viviente Solé</td>
</tr>
<tr>
<td valign="top" width="104">
<p align="right"><b>02/04/2014</b></p>
</td>
<td valign="top" width="111">D. Héctor Campello Vicente</td>
<td valign="top" width="191">ADAPTACIÓN DEL MODELO DE PREDICCIÓN DE RUIDO DE TRÁFICO RODADO NMPB-ROUTES 2008 A LA PRESENCIA DE VEHÍCULOS ELÉCTRICOS</td>
<td valign="top" width="123">Departamento de Ciencia de Materiales, Óptica y Tecnología Electrónica</td>
<td valign="top" width="132">&nbsp;&nbsp;D. Emilio Velasco Sánchez y del Dr. D. Ramón Peral Orts</td>
</tr>
<tr>
<td valign="top" width="104">
<p align="right"><b>04/04/2014</b></p>
</td>
<td valign="top" width="111">Dña. Isabel Reillo Cuesta</td>
<td valign="top" width="191">PROGENITOR CELL SUBTYPES INVOLVED IN CORTICAL EXPANSION AND FOLDING</td>
<td valign="top" width="123">Instituto de Neurociencias</td>
<td valign="top" width="132">&nbsp;&nbsp;D. Víctor Borrell Franco</td>
</tr>
<tr>
<td valign="top" width="104">
<p align="right"><b>08/04/2014</b></p>
</td>
<td valign="top" width="111">D. Roberto Antonio Ruiz Cruz</td>
<td valign="top" width="191">COMPORTAMIENTO EPIDEMIOLÓGICO DE LAS CONCENTRACIONES DE METALES PESADOS Y OLIGOELEMENTOS EN MUESTRAS DE CABELLO DE NIÑOS EN EDAD ESCOLAR DE LA CIUDAD DE ELCHE</td>
<td valign="top" width="123">Instituto de Bioingeniería</td>
<td valign="top" width="132">&nbsp; &nbsp;D. Eugenio Vilanova Gisbert y del Dr. D. Miguel Ángel Sogorb Sánchez</td>
</tr>
<tr>
<td valign="top" width="104">
<p align="right"><b>11/4/2014</b></p>
</td>
<td valign="top" width="111">D. Herman Alonso Moreno Londoño</td>
<td valign="top" width="191">ANÁLISIS COSTE-EFECTIVIDAD EN EL TRATAMIENTO DE LA PSICOSIS EN COLOMBIA: MODELOS DE INTERVENCIÓN DESDE LA PSIQUIATRÍA BIOLÓGICA A LA PSICOLOGÍA PSICO-DINÁMICA</td>
<td valign="top" width="123">Departamento de Psicología de la Salud</td>
<td valign="top" width="132">&nbsp;D. José Joaquín Mira Solves</td>
</tr>
</tbody>
</table>
<p>A tal efecto, durante el tiempo de depósito, que queda fijado en <b>diez días hábiles</b>, cualquier Doctor podrá examinarla en el <b>Servicio de Gestión&nbsp;de Estudios</b>&nbsp;y en el mencionado Departamento o Instituto y, en su caso, dirigir por escrito a la Comisión de Estudios de Doctorado las consideraciones que estime oportuno formular.</p>
<hr style="color: #c50606">
<p><a href="https://estudios.umh.es/files/2014/06/Premios-tesis-del-Instituto-de-Estudios-Fiscales.pdf" target="_blank" rel="noopener noreferrer">Resolución de 5 de junio de 2014, del Instituto de Estudios Fiscales, por la que se convocan Premios a tesis doctorales.</a></p>
<p>[Plazo hasta el 15 de julio de 2014]</p>
<hr style="color: #c50606">
<p><a href="https://estudios.umh.es/files/2014/03/02-PREMIOS-DE-INVESTIGACION-CEXECI-A-TESIS-DOCTORALES-2014.pdf" target="_blank" rel="noopener noreferrer">Primer Premio de Investigación CEXECI a Tesis doctorales 2014</a><br />
[Plazo hasta el 20 de septiembre de 2014]</p>
<hr style="color: #c50606">
<p><a href="https://estudios.umh.es/files/2013/06/CNIC-International-Postdoctoral-Programme.pdf" target="_blank" rel="noopener noreferrer">CNIC INTERNATIONAL POSTDOCTORAL PROGRAMME (CNIC IPP)</a></p>
<hr style="color: #c50606">
<p><a href="https://estudios.umh.es/files/2013/05/Movilidad-profesores-y-estudiantes-Máster-y-Doctorado-universidades-francesas.pdf" target="_blank" rel="noopener noreferrer">Convocatoria de movilidad de profesores visitantes y estudiantes de enseñanzas universitarias de Máster y Doctorado desarrollados conjuntamente por universidades españolas y francesas para el curso 2013/2014.</a></p>
<hr style="color: #c50606">
<p><a href="https://estudios.umh.es/files/2012/07/Appel-à-projet-Mérimée-avec-lEspagne-juin-2012.pdf" target="_blank" rel="noopener noreferrer">Proyecto de colaboración entre Instituciones de Educación Superior de Francia y España.</a><br />
<a href="https://estudios.umh.es/files/2012/07/Appel-à-projet-Mérimée-Formulaire-candidature-juin-2012.pdf" target="_blank" rel="noopener noreferrer">Formulario para solicitar el proyecto.</a></p>
<hr style="color: #c50606">
<p><a href="https://estudios.umh.es/files/2012/03/Procedimiento-escrutinio-cum-laude.pdf" target="_blank" rel="noopener noreferrer">Procedimiento del escrutinio de los votos para la concesión de la Mención de Cum Laude en las tesis doctorales.</a></p>
<hr style="color: #c50606">
<p><a href="https://estudios.umh.es/files/2012/03/Procedimiento-escrutinio-cum-laude.pdf" target="_blank" rel="noopener noreferrer">Procedimiento del escrutinio de los votos para la concesión de la Mención de Cum Laude en las tesis doctorales.</a></p>
<hr style="color: #c50606">
<p><strong>Prórrogas de los estudios de doctorado.</strong><br />
Atendiendo a lo establecido en el RD 1393/2007, la Comisión de Doctorado de la Universidad Miguel Hernández de Elche, en reunión celebrada el 3 de febrero de 2010, acordó que el plazo máximo del que dispondrán, para poder defender su tesis doctoral, todos aquellos estudiantes de tercer ciclo que iniciaron sus estudios de doctorado regulados por los Reales Decretos 185/1985, 778/1998 y 56/2005 será hasta el 30 de septiembre de 2015.</p>
<hr style="color: #c50606">
<p>Se establece una nueva tasa para la emisión de certificados genéricos de los estudios de Máster y Doctorado. Esta tasa es de 12,00 euros.</p>
<hr style="color: #c50606">
<p></p>

<p>Tesis Doctorales en Depósito.<br />
Se notifica que en el Servicio de Gestión de Estudios y en el Departamento o Instituto indicado se han depositado las siguientes Tesis Doctorales:</p>
<p>Entrada</p>
<p>Autor</p>
<p>Título</p>
<p>Departamento<br />
/Instituto</p>
<p>Director/es<br />
Tesis</p>
<p>01/04/2014</p>
<p>D. Vicente Javier Pérez Valero<br />
LA PROYECCIÓN DEL DIBUJO EN LAS NUEVAS TECNOLOGÍAS APLICADAS A LA ENSEÑANZA ARTÍSTICA SUPERIOR. LA VECTORIALIDAD EN LAS APLICACIONES INFORMÁTICAS DEL DISEÑO<br />
Departamento de Arte<br />
&nbsp;&nbsp;Dña. Mª [&#8230;]</p>
